{"id":107,"date":"2017-10-17T15:42:56","date_gmt":"2017-10-17T13:42:56","guid":{"rendered":"https:\/\/ajl-asso.fr\/la-martiniere\/?page_id=107"},"modified":"2024-10-09T16:41:32","modified_gmt":"2024-10-09T14:41:32","slug":"tarifs-aides-financieres","status":"publish","type":"page","link":"https:\/\/ajl-asso.fr\/la-martiniere\/ssr\/tarifs-aides-financieres\/","title":{"rendered":"Tarifs et aides financi\u00e8res"},"content":{"rendered":"<p><strong>FRAIS D&rsquo;HOSPITALISATION<br \/>\n<\/strong><\/p>\n<p>Pour les Soins m\u00e9dicaux et de r\u00e9adaptation, les frais comprennent :<\/p>\n<ul>\n<li>un\u00a0prix de journ\u00e9e\u00a0pris en charge par l\u2019assurance maladie,<\/li>\n<li>un\u00a0forfait journalier\u00a0\u00e0 la charge du patient, destin\u00e9 \u00e0 couvrir les prestations de couchage, restauration\u2026 Il sera \u00e9ventuellement pris en charge par la mutuelle.<\/li>\n<li>le\u00a0ticket mod\u00e9rateur, si le patient n\u2019est pas pris en charge \u00e0 100%. Il pourra \u00e9ventuellement \u00eatre pris en charge par la mutuelle.<\/li>\n<li>un\u00a0suppl\u00e9ment en cas de chambre individuelle, pouvant \u00e9galement \u00eatre pris en charge par la mutuelle.<\/li>\n<\/ul>\n","protected":false},"excerpt":{"rendered":"<p>FRAIS D&rsquo;HOSPITALISATION Pour les Soins m\u00e9dicaux et de r\u00e9adaptation, les frais comprennent : un\u00a0prix de journ\u00e9e\u00a0pris en charge par l\u2019assurance maladie, un\u00a0forfait journalier\u00a0\u00e0 la charge du patient, destin\u00e9 \u00e0 couvrir les prestations de couchage, restauration\u2026 Il sera \u00e9ventuellement pris en charge par la mutuelle. le\u00a0ticket mod\u00e9rateur, si le patient n\u2019est pas pris en charge \u00e0 [&hellip;]<\/p>\n","protected":false},"author":1,"featured_media":77,"parent":23,"menu_order":0,"comment_status":"closed","ping_status":"closed","template":"pages-templates\/pages-boxes.php","meta":{"_coblocks_attr":"","_coblocks_dimensions":"","_coblocks_responsive_height":"","_coblocks_accordion_ie_support":""},"_links":{"self":[{"href":"https:\/\/ajl-asso.fr\/la-martiniere\/wp-json\/wp\/v2\/pages\/107"}],"collection":[{"href":"https:\/\/ajl-asso.fr\/la-martiniere\/wp-json\/wp\/v2\/pages"}],"about":[{"href":"https:\/\/ajl-asso.fr\/la-martiniere\/wp-json\/wp\/v2\/types\/page"}],"author":[{"embeddable":true,"href":"https:\/\/ajl-asso.fr\/la-martiniere\/wp-json\/wp\/v2\/users\/1"}],"replies":[{"embeddable":true,"href":"https:\/\/ajl-asso.fr\/la-martiniere\/wp-json\/wp\/v2\/comments?post=107"}],"version-history":[{"count":10,"href":"https:\/\/ajl-asso.fr\/la-martiniere\/wp-json\/wp\/v2\/pages\/107\/revisions"}],"predecessor-version":[{"id":1685,"href":"https:\/\/ajl-asso.fr\/la-martiniere\/wp-json\/wp\/v2\/pages\/107\/revisions\/1685"}],"up":[{"embeddable":true,"href":"https:\/\/ajl-asso.fr\/la-martiniere\/wp-json\/wp\/v2\/pages\/23"}],"wp:featuredmedia":[{"embeddable":true,"href":"https:\/\/ajl-asso.fr\/la-martiniere\/wp-json\/wp\/v2\/media\/77"}],"wp:attachment":[{"href":"https:\/\/ajl-asso.fr\/la-martiniere\/wp-json\/wp\/v2\/media?parent=107"}],"curies":[{"name":"wp","href":"https:\/\/api.w.org\/{rel}","templated":true}]}}