{"id":1345,"date":"2023-01-18T16:12:08","date_gmt":"2023-01-18T15:12:08","guid":{"rendered":"https:\/\/ajl-asso.fr\/la-martiniere\/?page_id=1345"},"modified":"2023-01-19T16:14:36","modified_gmt":"2023-01-19T15:14:36","slug":"nous-contacter","status":"publish","type":"page","link":"https:\/\/ajl-asso.fr\/la-martiniere\/nepale\/nous-contacter\/","title":{"rendered":"Nous contacter"},"content":{"rendered":"\n<h2 class=\"mt-3\">\u00c9quipe Mobile Territoriale d\u2019Accompagnement &amp; Soins Palliatifs<\/h2>\n\n\n\n<p>Nous sommes \u00e0 votre \u00e9coute pour toute question. Renseignez vos coordonn\u00e9es et l\u2019objet de votre demande et nous reviendrons vers vous avec la r\u00e9ponse la plus adapt\u00e9e \u00e0 votre question.<\/p>\n\n\n\n<p>Vous pouvez aussi nous contacter par t\u00e9l\u00e9phone au <strong>01 69 63 29 70<\/strong>.<\/p>\n","protected":false},"excerpt":{"rendered":"<p>\u00c9quipe Mobile Territoriale d\u2019Accompagnement &amp; Soins Palliatifs Nous sommes \u00e0 votre \u00e9coute pour toute question. Renseignez vos coordonn\u00e9es et l\u2019objet de votre demande et nous reviendrons vers vous avec la r\u00e9ponse la plus adapt\u00e9e \u00e0 votre question. Vous pouvez aussi nous contacter par t\u00e9l\u00e9phone au 01 69 63 29 70.<\/p>\n","protected":false},"author":450,"featured_media":0,"parent":956,"menu_order":5,"comment_status":"closed","ping_status":"closed","template":"pages-templates\/page-contact-nepale.php","meta":{"_coblocks_attr":"","_coblocks_dimensions":"","_coblocks_responsive_height":"","_coblocks_accordion_ie_support":""},"_links":{"self":[{"href":"https:\/\/ajl-asso.fr\/la-martiniere\/wp-json\/wp\/v2\/pages\/1345"}],"collection":[{"href":"https:\/\/ajl-asso.fr\/la-martiniere\/wp-json\/wp\/v2\/pages"}],"about":[{"href":"https:\/\/ajl-asso.fr\/la-martiniere\/wp-json\/wp\/v2\/types\/page"}],"author":[{"embeddable":true,"href":"https:\/\/ajl-asso.fr\/la-martiniere\/wp-json\/wp\/v2\/users\/450"}],"replies":[{"embeddable":true,"href":"https:\/\/ajl-asso.fr\/la-martiniere\/wp-json\/wp\/v2\/comments?post=1345"}],"version-history":[{"count":4,"href":"https:\/\/ajl-asso.fr\/la-martiniere\/wp-json\/wp\/v2\/pages\/1345\/revisions"}],"predecessor-version":[{"id":1352,"href":"https:\/\/ajl-asso.fr\/la-martiniere\/wp-json\/wp\/v2\/pages\/1345\/revisions\/1352"}],"up":[{"embeddable":true,"href":"https:\/\/ajl-asso.fr\/la-martiniere\/wp-json\/wp\/v2\/pages\/956"}],"wp:attachment":[{"href":"https:\/\/ajl-asso.fr\/la-martiniere\/wp-json\/wp\/v2\/media?parent=1345"}],"curies":[{"name":"wp","href":"https:\/\/api.w.org\/{rel}","templated":true}]}}