{"id":222,"date":"2018-01-11T14:47:22","date_gmt":"2018-01-11T13:47:22","guid":{"rendered":"https:\/\/ajl-asso.fr\/la-martiniere\/?page_id=222"},"modified":"2018-03-26T10:02:08","modified_gmt":"2018-03-26T08:02:08","slug":"inscription","status":"publish","type":"page","link":"https:\/\/ajl-asso.fr\/la-martiniere\/inscription\/","title":{"rendered":"Inscription"},"content":{"rendered":"<p><strong>La r\u00e9servation de navettes \/ repas est exclusivement r\u00e9serv\u00e9e au personnel de l&rsquo;\u00e9tablissement<\/strong><\/p>\n<p>&nbsp;<\/p>\n<form action=\"https:\/\/ajl-asso.fr\/la-martiniere\/wp-admin\/admin-post.php?action=nouvel_utilisateur\" method=\"post\" id=\"register-user\"><p><label for=\"nom-user\">Nom*<\/label><input type=\"text\" name=\"lastname\" id=\"nom-user\" required><\/p><p><label for=\"prenom-user\">Pr\u00e9nom*<\/label><input type=\"text\" name=\"firstname\" id=\"prenom-user\" required><\/p><p><label for=\"telephone-user\">T\u00e9l\u00e9phone*<\/label><input type=\"text\" name=\"telephone\" id=\"telephone-user\" required><\/p><p><label for=\"email-user\">Email*<\/label><input type=\"email\" name=\"email\" id=\"email-user\" required><\/p><p><label for=\"pass-user\">Mot de passe*<\/label><input type=\"password\" name=\"pass\" id=\"pass-user\" required><input type=\"checkbox\" id=\"show-password\" \/><label for=\"show-password\" class=\"show-password\">Afficher le mot de passe<\/label><\/p><input type=\"hidden\" id=\"user-front\" name=\"user-front\" value=\"0a0298af30\" \/><input type=\"submit\" value=\"Cr\u00e9er mon compte\"><\/form>\n","protected":false},"excerpt":{"rendered":"<p>La r\u00e9servation de navettes \/ repas est exclusivement r\u00e9serv\u00e9e au personnel de l&rsquo;\u00e9tablissement &nbsp;<\/p>\n","protected":false},"author":1,"featured_media":0,"parent":0,"menu_order":0,"comment_status":"closed","ping_status":"closed","template":"","meta":{"_coblocks_attr":"","_coblocks_dimensions":"","_coblocks_responsive_height":"","_coblocks_accordion_ie_support":""},"_links":{"self":[{"href":"https:\/\/ajl-asso.fr\/la-martiniere\/wp-json\/wp\/v2\/pages\/222"}],"collection":[{"href":"https:\/\/ajl-asso.fr\/la-martiniere\/wp-json\/wp\/v2\/pages"}],"about":[{"href":"https:\/\/ajl-asso.fr\/la-martiniere\/wp-json\/wp\/v2\/types\/page"}],"author":[{"embeddable":true,"href":"https:\/\/ajl-asso.fr\/la-martiniere\/wp-json\/wp\/v2\/users\/1"}],"replies":[{"embeddable":true,"href":"https:\/\/ajl-asso.fr\/la-martiniere\/wp-json\/wp\/v2\/comments?post=222"}],"version-history":[{"count":4,"href":"https:\/\/ajl-asso.fr\/la-martiniere\/wp-json\/wp\/v2\/pages\/222\/revisions"}],"predecessor-version":[{"id":484,"href":"https:\/\/ajl-asso.fr\/la-martiniere\/wp-json\/wp\/v2\/pages\/222\/revisions\/484"}],"wp:attachment":[{"href":"https:\/\/ajl-asso.fr\/la-martiniere\/wp-json\/wp\/v2\/media?parent=222"}],"curies":[{"name":"wp","href":"https:\/\/api.w.org\/{rel}","templated":true}]}}