{"id":23,"date":"2017-09-29T11:42:31","date_gmt":"2017-09-29T09:42:31","guid":{"rendered":"https:\/\/ajl-asso.fr\/la-martiniere\/?page_id=23"},"modified":"2024-10-09T15:41:11","modified_gmt":"2024-10-09T13:41:11","slug":"ssr","status":"publish","type":"page","link":"https:\/\/ajl-asso.fr\/la-martiniere\/ssr\/","title":{"rendered":"SMR"},"content":{"rendered":"<p>L\u2019\u00e9tablissement est dot\u00e9 :<\/p>\n<ul>\n<li>d\u2019un centre de Soins M\u00e9dicaux et de R\u00e9adaptation<\/li>\n<li>d\u2019un EHPAD (\u00c9tablissement d\u2019H\u00e9bergement pour Personnes \u00c2g\u00e9es D\u00e9pendantes).<\/li>\n<li>d&rsquo;un centre de sant\u00e9, d\u00e9di\u00e9 \u00e0 la r\u00e9\u00e9ducation fonctionnelle<\/li>\n<\/ul>\n<p>Le centre de soins m\u00e9dicaux et de r\u00e9adaptation de l\u2019\u00e9tablissement de Sant\u00e9 La Martini\u00e8re compte 80 lits r\u00e9partis en chambres individuelles et chambres doubles r\u00e9parties sur deux \u00e9tages. Les patients y sont accueillis pour une dur\u00e9e limit\u00e9e. A l\u2019issue d\u2019une hospitalisation pour une maladie aigu\u00eb ou une intervention chirurgicale, leur \u00e9tat de sant\u00e9 n\u00e9cessite des soins actifs (infirmiers ou de r\u00e9\u00e9ducation), dispens\u00e9s sous surveillance m\u00e9dicale.<\/p>\n<p><a href=\"https:\/\/ajl-asso.fr\/wp-content\/uploads\/sites\/4\/2023\/05\/2023-Livret-daccueil-SSR-1.pdf\"><img loading=\"lazy\" class=\"alignnone size-medium wp-image-504\" src=\"https:\/\/ajl-asso.fr\/wp-content\/uploads\/sites\/4\/2018\/05\/Bouton-telechargement-livret-daccueil-300x57.png\" alt=\"\" width=\"300\" height=\"57\" srcset=\"https:\/\/ajl-asso.fr\/wp-content\/uploads\/sites\/4\/2018\/05\/Bouton-telechargement-livret-daccueil-300x57.png 300w, https:\/\/ajl-asso.fr\/wp-content\/uploads\/sites\/4\/2018\/05\/Bouton-telechargement-livret-daccueil.png 492w\" sizes=\"(max-width: 300px) 100vw, 300px\" \/><\/a><\/p>\n<p><a href=\"https:\/\/ajl-asso.fr\/wp-content\/uploads\/sites\/4\/2024\/10\/24-09-18-Annexe-completive-nouveau-livret-daccueil.pdf\"><img loading=\"lazy\" class=\"alignnone wp-image-503 size-medium\" src=\"https:\/\/ajl-asso.fr\/wp-content\/uploads\/sites\/4\/2018\/05\/Bouton-telechargement-annexe-completive-300x54.png\" alt=\"\" width=\"300\" height=\"54\" srcset=\"https:\/\/ajl-asso.fr\/wp-content\/uploads\/sites\/4\/2018\/05\/Bouton-telechargement-annexe-completive-300x54.png 300w, https:\/\/ajl-asso.fr\/wp-content\/uploads\/sites\/4\/2018\/05\/Bouton-telechargement-annexe-completive.png 476w\" sizes=\"(max-width: 300px) 100vw, 300px\" \/><\/a><\/p>\n","protected":false},"excerpt":{"rendered":"<p>L\u2019\u00e9tablissement est dot\u00e9 : d\u2019un centre de Soins M\u00e9dicaux et de R\u00e9adaptation d\u2019un EHPAD (\u00c9tablissement d\u2019H\u00e9bergement pour Personnes \u00c2g\u00e9es D\u00e9pendantes). d&rsquo;un centre de sant\u00e9, d\u00e9di\u00e9 \u00e0 la r\u00e9\u00e9ducation fonctionnelle Le centre de soins m\u00e9dicaux et de r\u00e9adaptation de l\u2019\u00e9tablissement de Sant\u00e9 La Martini\u00e8re compte 80 lits r\u00e9partis en chambres individuelles et chambres doubles r\u00e9parties sur [&hellip;]<\/p>\n","protected":false},"author":1,"featured_media":146,"parent":0,"menu_order":0,"comment_status":"closed","ping_status":"closed","template":"pages-templates\/pages-boxes.php","meta":{"_coblocks_attr":"","_coblocks_dimensions":"","_coblocks_responsive_height":"","_coblocks_accordion_ie_support":""},"_links":{"self":[{"href":"https:\/\/ajl-asso.fr\/la-martiniere\/wp-json\/wp\/v2\/pages\/23"}],"collection":[{"href":"https:\/\/ajl-asso.fr\/la-martiniere\/wp-json\/wp\/v2\/pages"}],"about":[{"href":"https:\/\/ajl-asso.fr\/la-martiniere\/wp-json\/wp\/v2\/types\/page"}],"author":[{"embeddable":true,"href":"https:\/\/ajl-asso.fr\/la-martiniere\/wp-json\/wp\/v2\/users\/1"}],"replies":[{"embeddable":true,"href":"https:\/\/ajl-asso.fr\/la-martiniere\/wp-json\/wp\/v2\/comments?post=23"}],"version-history":[{"count":24,"href":"https:\/\/ajl-asso.fr\/la-martiniere\/wp-json\/wp\/v2\/pages\/23\/revisions"}],"predecessor-version":[{"id":1681,"href":"https:\/\/ajl-asso.fr\/la-martiniere\/wp-json\/wp\/v2\/pages\/23\/revisions\/1681"}],"wp:featuredmedia":[{"embeddable":true,"href":"https:\/\/ajl-asso.fr\/la-martiniere\/wp-json\/wp\/v2\/media\/146"}],"wp:attachment":[{"href":"https:\/\/ajl-asso.fr\/la-martiniere\/wp-json\/wp\/v2\/media?parent=23"}],"curies":[{"name":"wp","href":"https:\/\/api.w.org\/{rel}","templated":true}]}}