{"id":595,"date":"2019-10-30T14:19:04","date_gmt":"2019-10-30T13:19:04","guid":{"rendered":"https:\/\/ajl-asso.fr\/la-martiniere\/?page_id=595"},"modified":"2019-10-30T14:37:26","modified_gmt":"2019-10-30T13:37:26","slug":"le-pasa","status":"publish","type":"page","link":"https:\/\/ajl-asso.fr\/la-martiniere\/ehpad\/le-pasa\/","title":{"rendered":"Le PASA"},"content":{"rendered":"<h1><span style=\"color: #0e59c9\"><strong>Qu\u2019est-ce que le PASA\u00a0?<\/strong><\/span><\/h1>\n<p>Le P\u00f4le d&rsquo;Activit\u00e9 en Soins Adapt\u00e9s (P.A.S.A.) est un lieu de vie au sein duquel sont organis\u00e9es et propos\u00e9es des activit\u00e9s sociales et th\u00e9rapeutiques. Ces activit\u00e9s s\u2019adressent, sous certains crit\u00e8res, aux r\u00e9sidents de l\u2019EHPAD ayant des troubles du comportement mod\u00e9r\u00e9s. Le PASA n&rsquo;est pas ouvert \u00e0 un recrutement ext\u00e9rieur.<\/p>\n<p>Il accueille entre 12 et 14 r\u00e9sidents de l&rsquo;EHPAD (<em>\u00c9tablissement d\u2019H\u00e9bergement pour Personnes Ag\u00e9es D\u00e9pendantes).<\/em><\/p>\n<p>Chaque personne concern\u00e9e peut b\u00e9n\u00e9ficier d\u2019une ou plusieurs sessions d\u2019activit\u00e9s et de soins adapt\u00e9s par semaine.<\/p>\n<h1><span style=\"color: #0e59c9\">Profil des r\u00e9sidents accueillis<\/span><\/h1>\n<p>Le P.A.S.A accueille des r\u00e9sidents\u00a0:<\/p>\n<ul>\n<li>souffrant de la maladie d&rsquo;Alzheimer ou d&rsquo;une maladie apparent\u00e9e (MAMA)\u00a0;<\/li>\n<li>pr\u00e9sentant des sympt\u00f4mes psycho-comportementaux mod\u00e9r\u00e9s qui alt\u00e8rent la s\u00e9curit\u00e9 et la qualit\u00e9 de vie de la personne et\/ou des autres r\u00e9sidents\u00a0;<\/li>\n<li>provenant des unit\u00e9s d&rsquo;h\u00e9bergement de La Martini\u00e8re\u00a0;<\/li>\n<li>ayant b\u00e9n\u00e9fici\u00e9 d\u2019une \u00e9valuation et d\u2019un bilan des sympt\u00f4mes par\u00a0:\n<ul>\n<li>NPI-ES (Inventaire Neuropsychiatrique &#8211; Version Equipe Soignante)<\/li>\n<li>et, en cas d&rsquo;agitation, par l&rsquo;\u00e9chelle d&rsquo;agitation de Cohen-Mansfield.<\/li>\n<\/ul>\n<\/li>\n<\/ul>\n<h1><span style=\"color: #0e59c9\">Crit\u00e8res d\u2019accueil<\/span><\/h1>\n<p>Pr\u00e9alablement \u00e0 l\u2019admission au PASA, les \u00e9tapes suivantes sont n\u00e9cessaires\u00a0:<\/p>\n<ul>\n<li>le diagnostic de MAMA doit avoir \u00e9t\u00e9 pos\u00e9 et son annonce faite\u00a0;<\/li>\n<li>le consentement de la personne a \u00e9t\u00e9 activement recherch\u00e9\u00a0;<\/li>\n<li>la d\u00e9cision de l\u2019entourage a \u00e9t\u00e9 recherch\u00e9e au cours d\u2019un entretien finalis\u00e9 par un compte-rendu et un courrier d\u2019information.<\/li>\n<\/ul>\n<h1><span style=\"color: #0e59c9\">Modalit\u00e9s de fonctionnement du PASA<\/span><\/h1>\n<ul>\n<li>Le fonctionnement du p\u00f4le n\u00e9cessite la constitution de groupes homog\u00e8nes de r\u00e9sidents selon la nature des troubles du comportement (perturbateurs ou non).<\/li>\n<li>Le PASA accueille au maximum 14 r\u00e9sidents du lundi au samedi.<\/li>\n<li>Organisation de la journ\u00e9e\u00a0type au PASA :\n<ul>\n<li>10h00 &#8211; 10h30 : Accueil des r\u00e9sidents par l\u2019Assistant de Soins en G\u00e9rontologie (ASG)<\/li>\n<li>11h00 &#8211; 12h00 : Ateliers th\u00e9rapeutiques selon planning<\/li>\n<li>12h00 &#8211; 12h15 : Pr\u00e9paration pour le d\u00e9jeuner<\/li>\n<li>12h15 &#8211; 13h30 : Repas<\/li>\n<li>13h30 &#8211; 14h00 : Moment de d\u00e9tente au PASA<\/li>\n<li>14h00 &#8211; 15h30 : Ateliers th\u00e9rapeutiques selon planning<\/li>\n<li>15h30 &#8211; 16h30 : Go\u00fbter<\/li>\n<li>16h30 &#8211; 17h00 : Retour des r\u00e9sidents vers leurs unit\u00e9s de vie respectives<\/li>\n<\/ul>\n<\/li>\n<li>Le planning hebdomadaire est consultable \u00e0 l&rsquo;entr\u00e9e du PASA.<\/li>\n<li>Une proc\u00e9dure permet de\u00a0:\n<ul>\n<li>rep\u00e9rer les troubles du comportement<\/li>\n<li>les signaler<\/li>\n<li>d\u00e9crire les m\u00e9thodes de r\u00e9solution.<\/li>\n<li>Les observations des diff\u00e9rentes \u00e9quipes sont collig\u00e9es dans le dossier individuel PASA<\/li>\n<\/ul>\n<\/li>\n<li>le \u00ab Dossier Individuel PASA\u00a0\u00bb suit le r\u00e9sident dans son parcours\u00a0:\n<ul>\n<li>Remis le matin par un membre de l&rsquo;\u00e9quipe de l\u2019unit\u00e9 de vie \u00e0 l&rsquo;ASG du PASA<\/li>\n<li>Les constatations de la journ\u00e9e y sont trac\u00e9es par l\u2019\u00e9quipe du PASA qui le remet en fin de journ\u00e9e \u00e0 l\u2019\u00e9quipe de l\u2019unit\u00e9 de vie.<\/li>\n<li>L\u2019\u00e9quipe de l\u2019unit\u00e9 de vie y consigne les informations pertinentes pour la prise en charge au PASA.<\/li>\n<\/ul>\n<\/li>\n<\/ul>\n<h1><span style=\"color: #0e59c9\">L&rsquo;accompagnement \u00e0 effet th\u00e9rapeutique<\/span><\/h1>\n<p>Le p\u00f4le propose des activit\u00e9s individuelles ou collectives qui concourent :<\/p>\n<ul>\n<li>au maintien ou \u00e0 la r\u00e9habilitation des capacit\u00e9s fonctionnelles restantes\u00a0par\u00a0:\n<ul>\n<li>ergoth\u00e9rapie<\/li>\n<li>cuisine th\u00e9rapeutique avec la pr\u00e9paration du go\u00fbter, par exemple<\/li>\n<li>atelier jardinage<\/li>\n<li><\/li>\n<\/ul>\n<\/li>\n<li>au maintien ou \u00e0 la r\u00e9habilitation des fonctions cognitives restantes\u00a0par :\n<ul>\n<li>stimulation de la m\u00e9moire avec la psychologue<\/li>\n<li>atelier r\u00e9miniscence<\/li>\n<li><\/li>\n<\/ul>\n<\/li>\n<li>\u00e0 la mobilisation des fonctions sensorielles par\u00a0:\n<ul>\n<li>atelier de musicoth\u00e9rapie<\/li>\n<li>atelier d&rsquo;art th\u00e9rapie<\/li>\n<li>salle multi-sensorielle<\/li>\n<li><\/li>\n<\/ul>\n<\/li>\n<li>au maintien du lien social des r\u00e9sidents par\u00a0:\n<ul>\n<li>repas en commun au PASA<\/li>\n<li>atelier d\u2019art th\u00e9rapie<\/li>\n<\/ul>\n<\/li>\n<\/ul>\n<h1><span style=\"color: #0e59c9\">L&rsquo;accompagnement personnalis\u00e9 de vie et de soins<\/span><\/h1>\n<p>Le programme d&rsquo;activit\u00e9s est \u00e9labor\u00e9 par\u00a0:<\/p>\n<ul>\n<li>l&rsquo;ergoth\u00e9rapeute et\/ou la psychomotricienne,<\/li>\n<li>le m\u00e9decin coordonnateur r\u00e9f\u00e9rent du PASA,<\/li>\n<li>le Cadre de Sant\u00e9,<\/li>\n<li>la psychologue,<\/li>\n<li>les ASG et l&rsquo;\u00e9quipe soignante.<\/li>\n<\/ul>\n<p>&nbsp;<\/p>\n<p>Ce programme s&rsquo;int\u00e8gre dans le projet de vie de la personne au sein de la R\u00e9sidence.<\/p>\n<p>Les activit\u00e9s th\u00e9rapeutiques organis\u00e9es n\u00e9cessitent une prescription m\u00e9dicale. L&rsquo;accompagnement est r\u00e9guli\u00e8rement r\u00e9\u00e9valu\u00e9 et adapt\u00e9 en fonction des besoins du r\u00e9sident.<\/p>\n<p>La synth\u00e8se et la transmission des informations concernant le r\u00e9sident sont mentionn\u00e9es dans un \u00ab Dossier Individuel PASA \u00bb.<\/p>\n","protected":false},"excerpt":{"rendered":"<p>Qu\u2019est-ce que le PASA\u00a0? Le P\u00f4le d&rsquo;Activit\u00e9 en Soins Adapt\u00e9s (P.A.S.A.) est un lieu de vie au sein duquel sont organis\u00e9es et propos\u00e9es des activit\u00e9s sociales et th\u00e9rapeutiques. Ces activit\u00e9s s\u2019adressent, sous certains crit\u00e8res, aux r\u00e9sidents de l\u2019EHPAD ayant des troubles du comportement mod\u00e9r\u00e9s. Le PASA n&rsquo;est pas ouvert \u00e0 un recrutement ext\u00e9rieur. Il accueille [&hellip;]<\/p>\n","protected":false},"author":13,"featured_media":0,"parent":25,"menu_order":0,"comment_status":"closed","ping_status":"closed","template":"","meta":{"_coblocks_attr":"","_coblocks_dimensions":"","_coblocks_responsive_height":"","_coblocks_accordion_ie_support":""},"_links":{"self":[{"href":"https:\/\/ajl-asso.fr\/la-martiniere\/wp-json\/wp\/v2\/pages\/595"}],"collection":[{"href":"https:\/\/ajl-asso.fr\/la-martiniere\/wp-json\/wp\/v2\/pages"}],"about":[{"href":"https:\/\/ajl-asso.fr\/la-martiniere\/wp-json\/wp\/v2\/types\/page"}],"author":[{"embeddable":true,"href":"https:\/\/ajl-asso.fr\/la-martiniere\/wp-json\/wp\/v2\/users\/13"}],"replies":[{"embeddable":true,"href":"https:\/\/ajl-asso.fr\/la-martiniere\/wp-json\/wp\/v2\/comments?post=595"}],"version-history":[{"count":1,"href":"https:\/\/ajl-asso.fr\/la-martiniere\/wp-json\/wp\/v2\/pages\/595\/revisions"}],"predecessor-version":[{"id":596,"href":"https:\/\/ajl-asso.fr\/la-martiniere\/wp-json\/wp\/v2\/pages\/595\/revisions\/596"}],"up":[{"embeddable":true,"href":"https:\/\/ajl-asso.fr\/la-martiniere\/wp-json\/wp\/v2\/pages\/25"}],"wp:attachment":[{"href":"https:\/\/ajl-asso.fr\/la-martiniere\/wp-json\/wp\/v2\/media?parent=595"}],"curies":[{"name":"wp","href":"https:\/\/api.w.org\/{rel}","templated":true}]}}

<h1><span style="color: #0e59c9"><strong>Qu’est-ce que le PASA ?</strong></span></h1>
<p>Le Pôle d&rsquo;Activité en Soins Adaptés (P.A.S.A.) est un lieu de vie au sein duquel sont organisées et proposées des activités sociales et thérapeutiques. Ces activités s’adressent, sous certains critères, aux résidents de l’EHPAD ayant des troubles du comportement modérés. Le PASA n&rsquo;est pas ouvert à un recrutement extérieur.</p>
<p>Il accueille entre 12 et 14 résidents de l&rsquo;EHPAD (<em>Établissement d’Hébergement pour Personnes Agées Dépendantes).</em></p>
<p>Chaque personne concernée peut bénéficier d’une ou plusieurs sessions d’activités et de soins adaptés par semaine.</p>
<h1><span style="color: #0e59c9">Profil des résidents accueillis</span></h1>
<p>Le P.A.S.A accueille des résidents :</p>
<ul>
<li>souffrant de la maladie d&rsquo;Alzheimer ou d&rsquo;une maladie apparentée (MAMA) ;</li>
<li>présentant des symptômes psycho-comportementaux modérés qui altèrent la sécurité et la qualité de vie de la personne et/ou des autres résidents ;</li>
<li>provenant des unités d&rsquo;hébergement de La Martinière ;</li>
<li>ayant bénéficié d’une évaluation et d’un bilan des symptômes par :
<ul>
<li>NPI-ES (Inventaire Neuropsychiatrique &#8211; Version Equipe Soignante)</li>
<li>et, en cas d&rsquo;agitation, par l&rsquo;échelle d&rsquo;agitation de Cohen-Mansfield.</li>
</ul>
</li>
</ul>
<h1><span style="color: #0e59c9">Critères d’accueil</span></h1>
<p>Préalablement à l’admission au PASA, les étapes suivantes sont nécessaires :</p>
<ul>
<li>le diagnostic de MAMA doit avoir été posé et son annonce faite ;</li>
<li>le consentement de la personne a été activement recherché ;</li>
<li>la décision de l’entourage a été recherchée au cours d’un entretien finalisé par un compte-rendu et un courrier d’information.</li>
</ul>
<h1><span style="color: #0e59c9">Modalités de fonctionnement du PASA</span></h1>
<ul>
<li>Le fonctionnement du pôle nécessite la constitution de groupes homogènes de résidents selon la nature des troubles du comportement (perturbateurs ou non).</li>
<li>Le PASA accueille au maximum 14 résidents du lundi au samedi.</li>
<li>Organisation de la journée type au PASA :
<ul>
<li>10h00 &#8211; 10h30 : Accueil des résidents par l’Assistant de Soins en Gérontologie (ASG)</li>
<li>11h00 &#8211; 12h00 : Ateliers thérapeutiques selon planning</li>
<li>12h00 &#8211; 12h15 : Préparation pour le déjeuner</li>
<li>12h15 &#8211; 13h30 : Repas</li>
<li>13h30 &#8211; 14h00 : Moment de détente au PASA</li>
<li>14h00 &#8211; 15h30 : Ateliers thérapeutiques selon planning</li>
<li>15h30 &#8211; 16h30 : Goûter</li>
<li>16h30 &#8211; 17h00 : Retour des résidents vers leurs unités de vie respectives</li>
</ul>
</li>
<li>Le planning hebdomadaire est consultable à l&rsquo;entrée du PASA.</li>
<li>Une procédure permet de :
<ul>
<li>repérer les troubles du comportement</li>
<li>les signaler</li>
<li>décrire les méthodes de résolution.</li>
<li>Les observations des différentes équipes sont colligées dans le dossier individuel PASA</li>
</ul>
</li>
<li>le « Dossier Individuel PASA » suit le résident dans son parcours :
<ul>
<li>Remis le matin par un membre de l&rsquo;équipe de l’unité de vie à l&rsquo;ASG du PASA</li>
<li>Les constatations de la journée y sont tracées par l’équipe du PASA qui le remet en fin de journée à l’équipe de l’unité de vie.</li>
<li>L’équipe de l’unité de vie y consigne les informations pertinentes pour la prise en charge au PASA.</li>
</ul>
</li>
</ul>
<h1><span style="color: #0e59c9">L&rsquo;accompagnement à effet thérapeutique</span></h1>
<p>Le pôle propose des activités individuelles ou collectives qui concourent :</p>
<ul>
<li>au maintien ou à la réhabilitation des capacités fonctionnelles restantes par :
<ul>
<li>ergothérapie</li>
<li>cuisine thérapeutique avec la préparation du goûter, par exemple</li>
<li>atelier jardinage</li>
<li></li>
</ul>
</li>
<li>au maintien ou à la réhabilitation des fonctions cognitives restantes par :
<ul>
<li>stimulation de la mémoire avec la psychologue</li>
<li>atelier réminiscence</li>
<li></li>
</ul>
</li>
<li>à la mobilisation des fonctions sensorielles par :
<ul>
<li>atelier de musicothérapie</li>
<li>atelier d&rsquo;art thérapie</li>
<li>salle multi-sensorielle</li>
<li></li>
</ul>
</li>
<li>au maintien du lien social des résidents par :
<ul>
<li>repas en commun au PASA</li>
<li>atelier d’art thérapie</li>
</ul>
</li>
</ul>
<h1><span style="color: #0e59c9">L&rsquo;accompagnement personnalisé de vie et de soins</span></h1>
<p>Le programme d&rsquo;activités est élaboré par :</p>
<ul>
<li>l&rsquo;ergothérapeute et/ou la psychomotricienne,</li>
<li>le médecin coordonnateur référent du PASA,</li>
<li>le Cadre de Santé,</li>
<li>la psychologue,</li>
<li>les ASG et l&rsquo;équipe soignante.</li>
</ul>
<p>&nbsp;</p>
<p>Ce programme s&rsquo;intègre dans le projet de vie de la personne au sein de la Résidence.</p>
<p>Les activités thérapeutiques organisées nécessitent une prescription médicale. L&rsquo;accompagnement est régulièrement réévalué et adapté en fonction des besoins du résident.</p>
<p>La synthèse et la transmission des informations concernant le résident sont mentionnées dans un « Dossier Individuel PASA ».</p>

<p>Qu’est-ce que le PASA ? Le Pôle d&rsquo;Activité en Soins Adaptés (P.A.S.A.) est un lieu de vie au sein duquel sont organisées et proposées des activités sociales et thérapeutiques. Ces activités s’adressent, sous certains critères, aux résidents de l’EHPAD ayant des troubles du comportement modérés. Le PASA n&rsquo;est pas ouvert à un recrutement extérieur. Il accueille [&hellip;]</p>
