{"id":83,"date":"2017-10-17T15:37:59","date_gmt":"2017-10-17T13:37:59","guid":{"rendered":"https:\/\/ajl-asso.fr\/la-martiniere\/?page_id=83"},"modified":"2025-08-26T15:22:28","modified_gmt":"2025-08-26T13:22:28","slug":"les-comites","status":"publish","type":"page","link":"https:\/\/ajl-asso.fr\/la-martiniere\/ehpad\/les-comites\/","title":{"rendered":"Les Comit\u00e9s"},"content":{"rendered":"<p><strong>LE CONSEIL DE VIE SOCIALE (C.V.S.)<br \/>\n<\/strong>Le Conseil de la Vie Sociale est une instance compos\u00e9e de r\u00e9sidents, de repr\u00e9sentants des familles de r\u00e9sidents et de repr\u00e9sentants de l\u2019\u00e9tablissement.<\/p>\n<p>Il est charg\u00e9 de donner un avis et de faire des propositions sur le fonctionnement de l\u2019EHPAD (vie quotidienne, activit\u00e9s, animation, organisation, entretien des locaux, etc).<\/p>\n<div id=\"wrapper\" class=\"hfeed\">\n<div id=\"main\">\n<div id=\"container\" class=\"one-column\">\n<div id=\"content\" role=\"main\">\n<div id=\"post-65\" class=\"post-65 page type-page status-publish hentry\">\n<div class=\"entry-content\">\n<p><strong>DES COMMISSIONS SUR LA VIE EN EHPAD<\/strong><\/p>\n<p>Pour assurer l\u2019am\u00e9lioration permanente de la qualit\u00e9 de vie et r\u00e9pondre aux attentes des personnes \u00e2g\u00e9es, plusieurs commissions se r\u00e9unissent r\u00e9guli\u00e8rement, et notamment la commission Animation et la commission des menus.<\/p>\n<\/div>\n<\/div>\n<\/div>\n<\/div>\n<\/div>\n<\/div>\n","protected":false},"excerpt":{"rendered":"<p>LE CONSEIL DE VIE SOCIALE (C.V.S.) Le Conseil de la Vie Sociale est une instance compos\u00e9e de r\u00e9sidents, de repr\u00e9sentants des familles de r\u00e9sidents et de repr\u00e9sentants de l\u2019\u00e9tablissement. Il est charg\u00e9 de donner un avis et de faire des propositions sur le fonctionnement de l\u2019EHPAD (vie quotidienne, activit\u00e9s, animation, organisation, entretien des locaux, etc). [&hellip;]<\/p>\n","protected":false},"author":1,"featured_media":166,"parent":25,"menu_order":0,"comment_status":"closed","ping_status":"closed","template":"pages-templates\/pages-boxes.php","meta":{"_coblocks_attr":"","_coblocks_dimensions":"","_coblocks_responsive_height":"","_coblocks_accordion_ie_support":""},"_links":{"self":[{"href":"https:\/\/ajl-asso.fr\/la-martiniere\/wp-json\/wp\/v2\/pages\/83"}],"collection":[{"href":"https:\/\/ajl-asso.fr\/la-martiniere\/wp-json\/wp\/v2\/pages"}],"about":[{"href":"https:\/\/ajl-asso.fr\/la-martiniere\/wp-json\/wp\/v2\/types\/page"}],"author":[{"embeddable":true,"href":"https:\/\/ajl-asso.fr\/la-martiniere\/wp-json\/wp\/v2\/users\/1"}],"replies":[{"embeddable":true,"href":"https:\/\/ajl-asso.fr\/la-martiniere\/wp-json\/wp\/v2\/comments?post=83"}],"version-history":[{"count":9,"href":"https:\/\/ajl-asso.fr\/la-martiniere\/wp-json\/wp\/v2\/pages\/83\/revisions"}],"predecessor-version":[{"id":1766,"href":"https:\/\/ajl-asso.fr\/la-martiniere\/wp-json\/wp\/v2\/pages\/83\/revisions\/1766"}],"up":[{"embeddable":true,"href":"https:\/\/ajl-asso.fr\/la-martiniere\/wp-json\/wp\/v2\/pages\/25"}],"wp:featuredmedia":[{"embeddable":true,"href":"https:\/\/ajl-asso.fr\/la-martiniere\/wp-json\/wp\/v2\/media\/166"}],"wp:attachment":[{"href":"https:\/\/ajl-asso.fr\/la-martiniere\/wp-json\/wp\/v2\/media?parent=83"}],"curies":[{"name":"wp","href":"https:\/\/api.w.org\/{rel}","templated":true}]}}