{"id":95,"date":"2017-10-17T15:39:59","date_gmt":"2017-10-17T13:39:59","guid":{"rendered":"https:\/\/ajl-asso.fr\/la-martiniere\/?page_id=95"},"modified":"2018-02-20T08:43:51","modified_gmt":"2018-02-20T07:43:51","slug":"les-medicaments","status":"publish","type":"page","link":"https:\/\/ajl-asso.fr\/la-martiniere\/ehpad\/vie-quotidienne\/les-medicaments\/","title":{"rendered":"Les M\u00e9dicaments"},"content":{"rendered":"<p>Votre pr\u00e9sence en chambre est obligatoire aux heures de distribution des m\u00e9dicaments. Ne prenez pas de traitement \u2013m\u00eame de confort\u2013\u00a0sans l\u2019accord du m\u00e9decin de l\u2019\u00e9tablissement. Indiquez lui toujours les traitements que vous utilisez de fa\u00e7on \u00e0 ce qu\u2019il s\u2019assure de l\u2019absence de toute interaction m\u00e9dicamenteuse, comme de l\u2019ad\u00e9quation avec votre pathologie et votre prise en charge dans l\u2019\u00e9tablissement. Par ailleurs, respectez les consignes des m\u00e9decins et des personnels infirmiers quant \u00e0 la prise des m\u00e9dicaments. M\u00e9decins et infirmiers se tiennent \u00e0 votre disposition pour tout renseignement.<\/p>\n","protected":false},"excerpt":{"rendered":"<p>Votre pr\u00e9sence en chambre est obligatoire aux heures de distribution des m\u00e9dicaments. Ne prenez pas de traitement \u2013m\u00eame de confort\u2013\u00a0sans l\u2019accord du m\u00e9decin de l\u2019\u00e9tablissement. Indiquez lui toujours les traitements que vous utilisez de fa\u00e7on \u00e0 ce qu\u2019il s\u2019assure de l\u2019absence de toute interaction m\u00e9dicamenteuse, comme de l\u2019ad\u00e9quation avec votre pathologie et votre prise en [&hellip;]<\/p>\n","protected":false},"author":1,"featured_media":81,"parent":89,"menu_order":0,"comment_status":"closed","ping_status":"closed","template":"pages-templates\/pages-boxes.php","meta":{"_coblocks_attr":"","_coblocks_dimensions":"","_coblocks_responsive_height":"","_coblocks_accordion_ie_support":""},"_links":{"self":[{"href":"https:\/\/ajl-asso.fr\/la-martiniere\/wp-json\/wp\/v2\/pages\/95"}],"collection":[{"href":"https:\/\/ajl-asso.fr\/la-martiniere\/wp-json\/wp\/v2\/pages"}],"about":[{"href":"https:\/\/ajl-asso.fr\/la-martiniere\/wp-json\/wp\/v2\/types\/page"}],"author":[{"embeddable":true,"href":"https:\/\/ajl-asso.fr\/la-martiniere\/wp-json\/wp\/v2\/users\/1"}],"replies":[{"embeddable":true,"href":"https:\/\/ajl-asso.fr\/la-martiniere\/wp-json\/wp\/v2\/comments?post=95"}],"version-history":[{"count":2,"href":"https:\/\/ajl-asso.fr\/la-martiniere\/wp-json\/wp\/v2\/pages\/95\/revisions"}],"predecessor-version":[{"id":187,"href":"https:\/\/ajl-asso.fr\/la-martiniere\/wp-json\/wp\/v2\/pages\/95\/revisions\/187"}],"up":[{"embeddable":true,"href":"https:\/\/ajl-asso.fr\/la-martiniere\/wp-json\/wp\/v2\/pages\/89"}],"wp:featuredmedia":[{"embeddable":true,"href":"https:\/\/ajl-asso.fr\/la-martiniere\/wp-json\/wp\/v2\/media\/81"}],"wp:attachment":[{"href":"https:\/\/ajl-asso.fr\/la-martiniere\/wp-json\/wp\/v2\/media?parent=95"}],"curies":[{"name":"wp","href":"https:\/\/api.w.org\/{rel}","templated":true}]}}