{"id":971,"date":"2022-09-28T10:25:57","date_gmt":"2022-09-28T08:25:57","guid":{"rendered":"https:\/\/ajl-asso.fr\/la-martiniere\/?page_id=971"},"modified":"2024-01-22T09:23:16","modified_gmt":"2024-01-22T08:23:16","slug":"documents-pour-tous","status":"publish","type":"page","link":"https:\/\/ajl-asso.fr\/la-martiniere\/nepale\/documents-et-liens\/documents-pour-tous\/","title":{"rendered":"Documents pour tous"},"content":{"rendered":"\n<p>Vous trouverez sur cette page des fichiers \u00e0 t\u00e9l\u00e9charger destin\u00e9s \u00e0 vous informer et \u00e0 vous aider. Ces documents sont class\u00e9es en 2 parties :<\/p>\n\n\n\n<h2 class=\"has-white-color has-cyan-bluish-gray-background-color has-text-color has-background\" style=\"font-style:normal;font-weight:800\">DOCUMENTS UTILES<\/h2>\n\n\n\n<div class=\"wp-container-3 wp-block-columns\">\n<div class=\"wp-container-1 wp-block-column\">\n<h3><a href=\"https:\/\/ajl-asso.fr\/wp-content\/uploads\/sites\/4\/2022\/10\/01bis-3-CONSENTEMENT-EMTA-SP-2022-VF.pdf\">Formulaire: Acte de consentement et d\u2019inclusion du patient \u00e0 l&rsquo;EMTA-SP (ou son repr\u00e9sentant l\u00e9gal)<\/a><\/h3>\n\n\n\n<p><strong>Auteur(s):<\/strong>&nbsp;NEPALE<br><strong>Date:<\/strong>&nbsp;2022&nbsp;\u2022&nbsp;<strong>Type:<\/strong>&nbsp;PDF \u2022&nbsp;<strong>Poids:<\/strong>&nbsp;177 Ko<\/p>\n<\/div>\n\n\n\n<div class=\"wp-container-2 wp-block-column\">\n<h3><a href=\"https:\/\/ajl-asso.fr\/wp-content\/uploads\/sites\/4\/2022\/09\/02-HAS-Modele-directives_anticipeesPC-2017.pdf\" target=\"_blank\" rel=\"noreferrer noopener\">Formulaire: Directives anticip\u00e9es et personne de confiance<\/a><\/h3>\n\n\n\n<p><strong>Descriptif:<\/strong>&nbsp;R\u00e9diger ses directives anticip\u00e9es et nommer sa personne de confiance<br><strong>Auteur(s):<\/strong>&nbsp;Haute Autorit\u00e9 de Sant\u00e9 (HAS)<br><strong>Date:<\/strong>&nbsp;2018&nbsp;\u2022&nbsp;<strong>Type:<\/strong>&nbsp;PDF \u2022&nbsp;<strong>Poids:<\/strong>&nbsp;149 Ko<\/p>\n<\/div>\n<\/div>\n\n\n\n<div class=\"wp-container-6 wp-block-columns\">\n<div class=\"wp-container-4 wp-block-column\">\n<h3><a href=\"https:\/\/ajl-asso.fr\/wp-content\/uploads\/sites\/4\/2022\/09\/03-B2.REFLEXION_ETHIQUE.pdf\" target=\"_blank\" rel=\"noreferrer noopener\">Outil pour la pratique: Aide \u00e0 la r\u00e9flexion \u00e9thique<\/a><\/h3>\n\n\n\n<p><strong>Descriptif:<\/strong>&nbsp;Maladies d\u2019Alzheimer et maladies apparent\u00e9es<br><strong>Auteur(s):<\/strong>&nbsp;CNSA\/Mobiqual\/Anesm\/\u00c9tat\/SFGG<br><strong>Date:<\/strong>&nbsp;2016&nbsp;\u2022&nbsp;<strong>Type:<\/strong>&nbsp;PDF \u2022&nbsp;<strong>Poids:<\/strong>&nbsp;288 Ko<\/p>\n<\/div>\n\n\n\n<div class=\"wp-container-5 wp-block-column\">\n<h3><a href=\"https:\/\/ajl-asso.fr\/wp-content\/uploads\/sites\/4\/2022\/09\/04-AP-HP-ESPACE-ETHIQUE-CHARTE-ET-RELATION-DE-SOINS-A-DOM-Charte-A2016.pdf\" target=\"_blank\" rel=\"noreferrer noopener\">Outil pour la pratique: Charte<\/a><\/h3>\n\n\n\n<p><strong>Descriptif:<\/strong>&nbsp;\u00c9thique et relations de soins au domicile<br><strong>Auteur(s):<\/strong>&nbsp;Espace \u00e9thique AP-HP<br><strong>Date:<\/strong>&nbsp;2016&nbsp;\u2022&nbsp;<strong>Type:<\/strong>&nbsp;PDF \u2022&nbsp;<strong>Poids:<\/strong>&nbsp;201 Ko<\/p>\n<\/div>\n<\/div>\n\n\n\n<div class=\"wp-container-9 wp-block-columns\">\n<div class=\"wp-container-7 wp-block-column\">\n<h3><a href=\"https:\/\/ajl-asso.fr\/wp-content\/uploads\/sites\/4\/2022\/09\/05-AP-HP-OUTILS-ESPACE-ETHIQUE-CHARTE_INSTITUTION.pdf\" target=\"_blank\" rel=\"noreferrer noopener\">Outil pour la pratique: Charte institution<\/a><\/h3>\n\n\n\n<p><strong>Descriptif:<\/strong>&nbsp;Guide pour penser les valeurs du soin et de l\u2019accompagnement en institution<br><strong>Auteur(s):<\/strong>&nbsp;Espace \u00e9thique AP-HP<br><strong>Date:<\/strong>&nbsp;2017&nbsp;\u2022&nbsp;<strong>Type:<\/strong>&nbsp;PDF \u2022&nbsp;<strong>Poids:<\/strong>&nbsp;206 Ko<\/p>\n<\/div>\n\n\n\n<div class=\"wp-container-8 wp-block-column\">\n<h3><a href=\"https:\/\/ajl-asso.fr\/wp-content\/uploads\/sites\/4\/2022\/09\/06-AIDE-MEMOIRE-CREATION-STRUCTURE-PAR-AP-HP-COMITE-ETHIQUEChecklist-2017-pages-doubles.pdf\" target=\"_blank\" rel=\"noreferrer noopener\">Outil pour la pratique: Comit\u00e9 \u00e9thique<\/a><\/h3>\n\n\n\n<p><strong>Descriptif:<\/strong>&nbsp;Guide pour cr\u00e9er et animer un espace de r\u00e9flexion \u00e9thique<br><strong>Auteur(s):<\/strong>&nbsp;Espace \u00e9thique AP-HP<br><strong>Date:<\/strong>&nbsp;2017&nbsp;\u2022&nbsp;<strong>Type:<\/strong>&nbsp;PDF \u2022&nbsp;<strong>Poids:<\/strong>&nbsp;142 Ko<\/p>\n<\/div>\n<\/div>\n\n\n\n<div class=\"wp-container-12 wp-block-columns\">\n<div class=\"wp-container-10 wp-block-column\">\n<h3><a href=\"https:\/\/ajl-asso.fr\/wp-content\/uploads\/sites\/4\/2022\/10\/10bis-PLAQUETTE-EMTA-SP-VF.pdf\">Plaquette de l&rsquo;Equipe Mobile Territoriale d&rsquo;Accompagnement et de Soins Palliatifs<\/a><\/h3>\n\n\n\n<p><strong>Descriptif:<\/strong>&nbsp;Pr\u00e9sentation du cadre d&rsquo;intervention de l&rsquo;Equipe Mobile d&rsquo;accompagnement &amp; Soins Palliatifs Essonne-Nord<br><strong>Auteur(s):<\/strong>&nbsp;NEPALE <br><strong>Date:<\/strong>&nbsp;2022&nbsp;\u2022&nbsp;<strong>Type:<\/strong>&nbsp;PDF \u2022&nbsp;<strong>Poids:<\/strong>&nbsp;335 Ko<\/p>\n\n\n\n<p><\/p>\n<\/div>\n\n\n\n<div class=\"wp-container-11 wp-block-column\">\n<h3><a href=\"https:\/\/ajl-asso.fr\/wp-content\/uploads\/sites\/4\/2022\/09\/08-Echelle-EDMONTON.pdf\" target=\"_blank\" rel=\"noreferrer noopener\">Outil pour la pratique: \u00c9chelle d\u2019Edmonton<\/a><\/h3>\n\n\n\n<p><strong>Descriptif:<\/strong>&nbsp;\u00c9chelle d\u2019\u00e9valuation des sympt\u00f4mes<br><strong>Auteur(s):<\/strong>&nbsp;R\u00e9seau douleur \u2013 H\u00f4pitaux de Gen\u00e8ve<br><strong>Date:<\/strong>&nbsp;1991&nbsp;\u2022&nbsp;<strong>Type:<\/strong>&nbsp;PDF \u2022&nbsp;<strong>Poids:<\/strong>&nbsp;338 Ko<\/p>\n<\/div>\n<\/div>\n\n\n\n<div class=\"wp-container-15 wp-block-columns\">\n<div class=\"wp-container-13 wp-block-column\">\n<h3><a href=\"https:\/\/ajl-asso.fr\/wp-content\/uploads\/sites\/4\/2022\/09\/09-LCC-Plaquette-dactivites.pdf\" target=\"_blank\" rel=\"noreferrer noopener\">Plaquette d&rsquo;activit\u00e9s &#8211; Ligue contre le cancer Essonne<\/a><\/h3>\n\n\n\n<p><strong>Auteur(s):<\/strong>&nbsp;Ligue contre le cancer Essonne<br><strong>Date:<\/strong>&nbsp;2019&nbsp;\u2022&nbsp;<strong>Type:<\/strong>&nbsp;PDF \u2022&nbsp;<strong>Poids:<\/strong>&nbsp;198 Ko<\/p>\n<\/div>\n\n\n\n<div class=\"wp-container-14 wp-block-column\">\n<h3><\/h3>\n<\/div>\n<\/div>\n\n\n\n<h2 class=\"has-white-color has-cyan-bluish-gray-background-color has-text-color has-background\" style=\"font-style:normal;font-weight:800\">SANTE PUBLIQUE<\/h2>\n\n\n\n<div class=\"wp-container-18 wp-block-columns\">\n<div class=\"wp-container-16 wp-block-column\">\n<h3><a href=\"https:\/\/ajl-asso.fr\/wp-content\/uploads\/sites\/4\/2022\/09\/11-V1-CHARTE-DES-DROITS-ET-LIBERTES-DE-LA-PERSONNE-ACCUEILLIE.pdf\" target=\"_blank\" rel=\"noreferrer noopener\">Charte des droits et libert\u00e9s de la personne accueillie<\/a><\/h3>\n\n\n\n<p><strong>Auteur(s):<\/strong>&nbsp;\u00c9tat<br><strong>Date:<\/strong>&nbsp;2003&nbsp;\u2022&nbsp;<strong>Type:<\/strong>&nbsp;PDF \u2022&nbsp;<strong>Poids:<\/strong>&nbsp;164 Ko<\/p>\n<\/div>\n\n\n\n<div class=\"wp-container-17 wp-block-column\">\n<h3><a href=\"https:\/\/ajl-asso.fr\/wp-content\/uploads\/sites\/4\/2022\/09\/12-Circulaire-DHOS-25.03.08.pdf\" target=\"_blank\" rel=\"noreferrer noopener\">Circulaire relative au r\u00e9f\u00e9rentiel national d\u2019organisation des soins palliatifs<\/a><\/h3>\n\n\n\n<p><strong>Descriptif:<\/strong>&nbsp;Circulaire N\u00b0dhos\/02\/2008\/99<br><strong>Auteur(s):<\/strong>&nbsp;\u00c9tat<br><strong>Date:<\/strong>&nbsp;25\/03\/2008&nbsp;\u2022&nbsp;<strong>Type:<\/strong>&nbsp;PDF \u2022&nbsp;<strong>Poids:<\/strong>&nbsp;109 Ko<\/p>\n<\/div>\n<\/div>\n\n\n\n<div class=\"wp-container-21 wp-block-columns\">\n<div class=\"wp-container-19 wp-block-column\">\n<h3><a href=\"https:\/\/ajl-asso.fr\/wp-content\/uploads\/sites\/4\/2022\/09\/13-Decret-2011-50-du-11-01-11AllocationJournaliere-Accompagnement-Fin-de-vie.pdf\" target=\"_blank\" rel=\"noreferrer noopener\">D\u00e9cret Allocations journali\u00e8res d\u2019accompagnement<\/a><\/h3>\n\n\n\n<p><strong>Auteur(s):<\/strong>&nbsp;\u00c9tat<br><strong>Date:<\/strong>&nbsp;11\/01\/2011&nbsp;\u2022&nbsp;<strong>Type:<\/strong>&nbsp;PDF \u2022&nbsp;<strong>Poids:<\/strong>&nbsp;136 Ko<\/p>\n<\/div>\n\n\n\n<div class=\"wp-container-20 wp-block-column\">\n<h3><a rel=\"noreferrer noopener\" href=\"https:\/\/ajl-asso.fr\/wp-content\/uploads\/sites\/4\/2022\/09\/14-DECRET-DA-DU-3.08.2016-AVEC-MODELES.pdf\" target=\"_blank\">D\u00e9cret et mod\u00e8les Directives anticip\u00e9es<\/a> et nomination de la personne de confiance<\/h3>\n\n\n\n<p><strong>Descriptif:<\/strong>&nbsp;avec mod\u00e8le<br><strong>Auteur(s):<\/strong>&nbsp;\u00c9tat<br><strong>Date:<\/strong>&nbsp;03\/08\/2016&nbsp;\u2022&nbsp;<strong>Type:<\/strong>&nbsp;PDF \u2022&nbsp;<strong>Poids:<\/strong>&nbsp;2 Mo<\/p>\n<\/div>\n<\/div>\n\n\n\n<div class=\"wp-container-24 wp-block-columns\">\n<div class=\"wp-container-22 wp-block-column\">\n<h3><a href=\"https:\/\/ajl-asso.fr\/wp-content\/uploads\/sites\/4\/2022\/09\/15-leonetti-joe_20100130_0025_0025.pdf\">D\u00e9cret relatif aux conditions de mise en \u0153uvre des d\u00e9cisions de limitation ou d\u2019arr\u00eat de traitement loi dite Leonetti<\/a><\/h3>\n\n\n\n<p><strong>Auteur(s):<\/strong>&nbsp;\u00c9tat<br><strong>Date:<\/strong>&nbsp;29\/01\/2010&nbsp;\u2022&nbsp;<strong>Type:<\/strong>&nbsp;PDF \u2022&nbsp;<strong>Poids:<\/strong>&nbsp;64 Ko<\/p>\n<\/div>\n\n\n\n<div class=\"wp-container-23 wp-block-column\">\n<h3><a href=\"https:\/\/ajl-asso.fr\/wp-content\/uploads\/sites\/4\/2022\/09\/16-DECRET-2016-SEDATION-PROFONDE-DECISIONS-COLLEGIALES.pdf\" target=\"_blank\" rel=\"noreferrer noopener\">D\u00e9cret relatif aux proc\u00e9dures coll\u00e9giales et au recours \u00e0 la s\u00e9dation profonde et continue jusqu\u2019au d\u00e9c\u00e8s<\/a><\/h3>\n\n\n\n<p><strong>Auteur(s):<\/strong>&nbsp;\u00c9tat<br><strong>Date:<\/strong>&nbsp;03\/08\/2016&nbsp;\u2022&nbsp;<strong>Type:<\/strong>&nbsp;PDF \u2022&nbsp;<strong>Poids:<\/strong>&nbsp;164 Ko<\/p>\n<\/div>\n<\/div>\n\n\n\n<div class=\"wp-container-27 wp-block-columns\">\n<div class=\"wp-container-25 wp-block-column\">\n<h3><a href=\"https:\/\/ajl-asso.fr\/wp-content\/uploads\/sites\/4\/2022\/09\/17-ORS_Soins_palliatifs_Focus.pdf\" target=\"_blank\" rel=\"noreferrer noopener\">Etude de l&rsquo;ORS sur les Soins Palliatifs en Ile de France<\/a><\/h3>\n\n\n\n<p><strong>Auteur(s):<\/strong>&nbsp;Observatoire R\u00e9gional de Sant\u00e9<br><strong>Date:<\/strong>&nbsp;janvier 2022&nbsp;\u2022&nbsp;<strong>Type:<\/strong>&nbsp;PDF \u2022&nbsp;<strong>Poids:<\/strong>&nbsp;1 Mo<\/p>\n<\/div>\n\n\n\n<div class=\"wp-container-26 wp-block-column\">\n<h3><a href=\"https:\/\/ajl-asso.fr\/wp-content\/uploads\/sites\/4\/2022\/09\/18-OBS_GUIDE_Jeunes_aidants.pdf\" target=\"_blank\" rel=\"noreferrer noopener\">Guide : Rep\u00e9rer les jeunes aidants pour mieux les accompagner<\/a><\/h3>\n\n\n\n<p><strong>Descriptif:<\/strong>&nbsp;Un Guide Hand\u00e9o pour rep\u00e9rer les jeunes aidants pour mieux les accompagner\u2026 Sensibilisation aux situations des jeunes aidants.<br><strong>Auteur(s):<\/strong>&nbsp;HANDEO<br><strong>Date:<\/strong>&nbsp;06\/10\/2021&nbsp;\u2022&nbsp;<strong>Type:<\/strong>&nbsp;PDF \u2022&nbsp;<strong>Poids:<\/strong>&nbsp;9 Mo<\/p>\n<\/div>\n<\/div>\n\n\n\n<div class=\"wp-container-30 wp-block-columns\">\n<div class=\"wp-container-28 wp-block-column\">\n<h3><a href=\"https:\/\/ajl-asso.fr\/wp-content\/uploads\/sites\/4\/2022\/09\/19-LOI-2016-87-du-02_02_2016-LEONETTI-CLAYES.pdf\" target=\"_blank\" rel=\"noreferrer noopener\">Loi relative aux droits des malades et \u00e0 la fin de la vie<\/a><\/h3>\n\n\n\n<p><strong>Auteur(s):<\/strong>&nbsp;\u00c9tat<br><strong>Date:<\/strong>&nbsp;02\/02\/2016&nbsp;\u2022&nbsp;<strong>Type:<\/strong>&nbsp;PDF \u2022&nbsp;<strong>Poids:<\/strong>&nbsp;143 Ko<\/p>\n<\/div>\n\n\n\n<div class=\"wp-container-29 wp-block-column\">\n<h3><a href=\"https:\/\/ajl-asso.fr\/wp-content\/uploads\/sites\/4\/2022\/09\/20-ma_sante_2022_pages_vdef_-1.pdf\" target=\"_blank\" rel=\"noreferrer noopener\">MA SANT\u00c9 2022 &#8211; Dossier de presse<\/a><\/h3>\n\n\n\n<p><strong>Auteur(s):<\/strong>&nbsp;Minist\u00e8re des solidarit\u00e9s et de la sant\u00e9<br><strong>Date:<\/strong>&nbsp;2018&nbsp;\u2022&nbsp;<strong>Type:<\/strong>&nbsp;PDF \u2022&nbsp;<strong>Poids:<\/strong>&nbsp;2 Mo<\/p>\n<\/div>\n<\/div>\n\n\n\n<div class=\"wp-container-33 wp-block-columns\">\n<div class=\"wp-container-31 wp-block-column\">\n<h3><a href=\"https:\/\/ajl-asso.fr\/wp-content\/uploads\/sites\/4\/2022\/09\/21-ACTE-DE-LA-VIE-COURANTE-Article-L313-26-code-action-sociale-et-des-familles.pdf\" target=\"_blank\" rel=\"noreferrer noopener\">Outil pour la pratique: Aide a la prescription pour acte de la vie courante<\/a><\/h3>\n\n\n\n<p><strong>Descriptif:<\/strong>&nbsp;Article 313-26 code de l\u2019action sociale et de la famille \u2022 modifi\u00e9 par loi n\u00b02009-879 du 21 juillet 2009 &#8211; art. 124 (V)<\/p>\n\n\n\n<p><strong>Auteur(s):<\/strong>&nbsp;\u00c9tat<br><strong>Date:<\/strong>&nbsp;21\/07\/2009&nbsp;\u2022&nbsp;<strong>Type:<\/strong>&nbsp;PDF \u2022&nbsp;<strong>Poids:<\/strong>&nbsp;92 Ko<\/p>\n<\/div>\n\n\n\n<div class=\"wp-container-32 wp-block-column\">\n<h3><a rel=\"noreferrer noopener\" href=\"https:\/\/ajl-asso.fr\/wp-content\/uploads\/sites\/4\/2022\/09\/23-Rapport_de_lIgas_sur_la_fin_de_vie_.pdf\" target=\"_blank\">Rapport de L&rsquo;IGAS sur la fin de vie<\/a><\/h3>\n\n\n\n<h3><\/h3>\n\n\n\n<p><strong>Descriptif:<\/strong>&nbsp;\u00c9valuation du plan National 2015-2018 pour le d\u00e9veloppement des soins palliatifs et l&rsquo;accompagnement en fin de vie<\/p>\n\n\n\n<p><strong>Auteur(s):<\/strong>&nbsp;Igas<br><strong>Date:<\/strong>&nbsp;2019&nbsp;\u2022&nbsp;<strong>Type:<\/strong>&nbsp;PDF \u2022&nbsp;<strong>Poids:<\/strong>&nbsp;2 Mo<\/p>\n<\/div>\n<\/div>\n\n\n\n<div class=\"wp-container-36 wp-block-columns\">\n<div class=\"wp-container-34 wp-block-column\">\n<h3><a href=\"https:\/\/ajl-asso.fr\/wp-content\/uploads\/sites\/4\/2022\/09\/25-rapport_igas_mort_hopital-2010.pdf\" target=\"_blank\" rel=\"noreferrer noopener\">Rapport IGAS sur la mort \u00e0 l\u2019h\u00f4pital<\/a><\/h3>\n\n\n\n<p><strong>Auteur(s):<\/strong>&nbsp;IGAS (Inspection G\u00e9n\u00e9rale des Affaires Sociales)<br><strong>Date:<\/strong>&nbsp;2010&nbsp;\u2022&nbsp;<strong>Type:<\/strong>&nbsp;PDF \u2022&nbsp;<strong>Poids:<\/strong>&nbsp;504 Ko<\/p>\n<\/div>\n\n\n\n<div class=\"wp-container-35 wp-block-column\">\n<h3><a rel=\"noreferrer noopener\" href=\"https:\/\/ajl-asso.fr\/wp-content\/uploads\/sites\/4\/2022\/09\/28-masante2022_rapport_organisation_territoriale-1.pdf\" target=\"_blank\">Repenser l\u2019organisation territoriale des soins<\/a><\/h3>\n\n\n\n<p><strong>Auteur(s):<\/strong>&nbsp;Minist\u00e8re des solidarit\u00e9s et de la sant\u00e9<br><strong>Date:<\/strong>&nbsp;2018&nbsp;\u2022&nbsp;<strong>Type:<\/strong>&nbsp;PDF \u2022&nbsp;<strong>Poids:<\/strong>&nbsp;734 Ko<\/p>\n<\/div>\n<\/div>\n\n\n\n<div class=\"wp-container-39 wp-block-columns\">\n<div class=\"wp-container-37 wp-block-column\">\n<h3><a href=\"https:\/\/ajl-asso.fr\/wp-content\/uploads\/sites\/4\/2022\/09\/29-plan-fin-de-vie-2022-01-27-v2n.pdf\" target=\"_blank\" rel=\"noreferrer noopener\">Texte l\u00e9gal et r\u00e9glementaire: Plan soins palliatifs 2021-2024<\/a><\/h3>\n\n\n\n<p><strong>Auteur(s):<\/strong>&nbsp;Minist\u00e8re des Solidarit\u00e9s et de la Sant\u00e9<br><strong>Date:<\/strong>&nbsp;2022&nbsp;\u2022&nbsp;<strong>Type:<\/strong>&nbsp;PDF \u2022&nbsp;<strong>Poids:<\/strong>&nbsp;1 Mo<\/p>\n<\/div>\n\n\n\n<div class=\"wp-container-38 wp-block-column\">\n<h2><a href=\"https:\/\/ajl-asso.fr\/wp-content\/uploads\/sites\/4\/2022\/10\/31-CCNE-Avis-139-Enjeux-ethiques-relatifs-aux-situations-de-fin-de-vie-autonomie-et-solidarite.pdf\">Avis 139 du CCNE : Questions \u00e9thiques relatives aux situations de fin de vie : autonomie et solidarit\u00e9<\/a><\/h2>\n\n\n\n<p><strong>Auteur(s):<\/strong>&nbsp;Comit\u00e9 Consultatif National d&rsquo;Ethique<br><strong>Date:<\/strong>&nbsp;2022&nbsp;\u2022&nbsp;<strong>Type:<\/strong>&nbsp;PDF \u2022&nbsp;<strong>Poids:<\/strong>&nbsp;856 Ko<\/p>\n<\/div>\n<\/div>\n","protected":false},"excerpt":{"rendered":"<p>Vous trouverez sur cette page des fichiers \u00e0 t\u00e9l\u00e9charger destin\u00e9s \u00e0 vous informer et \u00e0 vous aider. Ces documents sont class\u00e9es en 2 parties : DOCUMENTS UTILES Formulaire: Acte de consentement et d\u2019inclusion du patient \u00e0 l&rsquo;EMTA-SP (ou son repr\u00e9sentant l\u00e9gal) Auteur(s):&nbsp;NEPALEDate:&nbsp;2022&nbsp;\u2022&nbsp;Type:&nbsp;PDF \u2022&nbsp;Poids:&nbsp;177 Ko Formulaire: Directives anticip\u00e9es et personne de confiance Descriptif:&nbsp;R\u00e9diger ses directives anticip\u00e9es [&hellip;]<\/p>\n","protected":false},"author":13,"featured_media":0,"parent":1124,"menu_order":1,"comment_status":"closed","ping_status":"closed","template":"","meta":{"_coblocks_attr":"","_coblocks_dimensions":"","_coblocks_responsive_height":"","_coblocks_accordion_ie_support":""},"_links":{"self":[{"href":"https:\/\/ajl-asso.fr\/la-martiniere\/wp-json\/wp\/v2\/pages\/971"}],"collection":[{"href":"https:\/\/ajl-asso.fr\/la-martiniere\/wp-json\/wp\/v2\/pages"}],"about":[{"href":"https:\/\/ajl-asso.fr\/la-martiniere\/wp-json\/wp\/v2\/types\/page"}],"author":[{"embeddable":true,"href":"https:\/\/ajl-asso.fr\/la-martiniere\/wp-json\/wp\/v2\/users\/13"}],"replies":[{"embeddable":true,"href":"https:\/\/ajl-asso.fr\/la-martiniere\/wp-json\/wp\/v2\/comments?post=971"}],"version-history":[{"count":23,"href":"https:\/\/ajl-asso.fr\/la-martiniere\/wp-json\/wp\/v2\/pages\/971\/revisions"}],"predecessor-version":[{"id":1551,"href":"https:\/\/ajl-asso.fr\/la-martiniere\/wp-json\/wp\/v2\/pages\/971\/revisions\/1551"}],"up":[{"embeddable":true,"href":"https:\/\/ajl-asso.fr\/la-martiniere\/wp-json\/wp\/v2\/pages\/1124"}],"wp:attachment":[{"href":"https:\/\/ajl-asso.fr\/la-martiniere\/wp-json\/wp\/v2\/media?parent=971"}],"curies":[{"name":"wp","href":"https:\/\/api.w.org\/{rel}","templated":true}]}}