{"id":2345,"date":"2024-10-08T09:15:58","date_gmt":"2024-10-08T07:15:58","guid":{"rendered":"https:\/\/ajl-asso.fr\/lachenaud\/?page_id=2345"},"modified":"2024-10-08T19:31:45","modified_gmt":"2024-10-08T17:31:45","slug":"centre-de-ressources-territorial","status":"publish","type":"page","link":"https:\/\/ajl-asso.fr\/lachenaud\/crt\/centre-de-ressources-territorial\/","title":{"rendered":"Centre de Ressources Territorial"},"content":{"rendered":"\n<p>Les missions du CRT se divisent en deux volets et plusieurs axes pour la sant\u00e9.<\/p>\n\n\n\n<p>Voici le premier volet et ses diff\u00e9rents axes :<\/p>\n\n\n\n<ul><li><strong>Axe 1 : Favoriser l\u2019acc\u00e8s au soin et \u00e0 la pr\u00e9vention<\/strong><\/li><\/ul>\n\n\n\n<p>&#8211;<em> Interventions de professionnels <\/em>dans les \u00e9tablissements ou au domicile pour donner un <em>avis sp\u00e9cialis\u00e9 <\/em>(douleur, nutrition, orthophonie, etc.)<\/p>\n\n\n\n<p>&#8211;  <em>Rep\u00e9rage des fragilit\u00e9s<\/em> via l\u2019application ICOPE (D\u00e9pistage &#8211; \u00c9valuation &#8211; Plan de soin personnalis\u00e9 &#8211; Fl\u00e9chage et suivi du plan d\u2019intervention).<\/p>\n\n\n\n<div class=\"wp-block-coblocks-row coblocks-row-98183433896\" data-columns=\"2\" data-layout=\"50-50\"><div class=\"wp-block-coblocks-row__inner has-no-padding has-no-margin is-stacked-on-mobile has-medium-gutter\">\n<div class=\"wp-block-coblocks-column coblocks-column-98183435356\" style=\"width:50%\"><div class=\"wp-block-coblocks-column__inner has-no-padding has-no-margin\">\n<figure class=\"wp-block-image size-large\"><img loading=\"lazy\" width=\"1024\" height=\"1024\" src=\"https:\/\/ajl-asso.fr\/wp-content\/uploads\/sites\/2\/2024\/10\/1-1024x1024.png\" alt=\"\" class=\"wp-image-2368\" srcset=\"https:\/\/ajl-asso.fr\/wp-content\/uploads\/sites\/2\/2024\/10\/1-1024x1024.png 1024w, https:\/\/ajl-asso.fr\/wp-content\/uploads\/sites\/2\/2024\/10\/1-300x300.png 300w, https:\/\/ajl-asso.fr\/wp-content\/uploads\/sites\/2\/2024\/10\/1-150x150.png 150w, https:\/\/ajl-asso.fr\/wp-content\/uploads\/sites\/2\/2024\/10\/1-768x768.png 768w, https:\/\/ajl-asso.fr\/wp-content\/uploads\/sites\/2\/2024\/10\/1-206x206.png 206w, https:\/\/ajl-asso.fr\/wp-content\/uploads\/sites\/2\/2024\/10\/1-512x512.png 512w, https:\/\/ajl-asso.fr\/wp-content\/uploads\/sites\/2\/2024\/10\/1.png 1080w\" sizes=\"(max-width: 1024px) 100vw, 1024px\" \/><\/figure>\n<\/div><\/div>\n\n\n\n<div class=\"wp-block-coblocks-column coblocks-column-98183435359\" style=\"width:50%\"><div class=\"wp-block-coblocks-column__inner has-no-padding has-no-margin\">\n<figure class=\"wp-block-image size-full\"><img loading=\"lazy\" width=\"350\" height=\"350\" src=\"https:\/\/ajl-asso.fr\/wp-content\/uploads\/sites\/2\/2024\/10\/icope.jpg\" alt=\"\" class=\"wp-image-2366\" srcset=\"https:\/\/ajl-asso.fr\/wp-content\/uploads\/sites\/2\/2024\/10\/icope.jpg 350w, https:\/\/ajl-asso.fr\/wp-content\/uploads\/sites\/2\/2024\/10\/icope-300x300.jpg 300w, https:\/\/ajl-asso.fr\/wp-content\/uploads\/sites\/2\/2024\/10\/icope-150x150.jpg 150w, https:\/\/ajl-asso.fr\/wp-content\/uploads\/sites\/2\/2024\/10\/icope-206x206.jpg 206w\" sizes=\"(max-width: 350px) 100vw, 350px\" \/><\/figure>\n<\/div><\/div>\n<\/div><\/div>\n\n\n\n<ul><li><strong>Axe 2 : <\/strong> <strong>Lutter contre l\u2019isolement des personnes \u00e2g\u00e9es et de leurs aidants<\/strong><\/li><\/ul>\n\n\n\n<p>&#8211;<em> <\/em> <em>Mise en place du \u00ab temps lib\u00e9r\u00e9 \u00bb<\/em> qui donne la possibilit\u00e9 \u00e0 l\u2019aidant d\u2019\u00eatre remplac\u00e9 \u00e0 domicile par un professionnel de fa\u00e7on ponctuelle sans prescription m\u00e9dicale, sans participation financi\u00e8re.<\/p>\n\n\n\n<p>&#8211;  <em>Mise en place des ateliers \u00ab Bien Vieillir \u00bb <\/em>qui proposent des activit\u00e9s pour les aidants (Sophrologie, M\u00e9decine chinoise, Art Th\u00e9rapie).<\/p>\n\n\n\n<p>&#8211; Organisation de <em>journ\u00e9es d\u2019information et de sensibilisation pour les aidants<\/em>.<\/p>\n\n\n\n<div class=\"wp-block-coblocks-row coblocks-row-9818480262\" data-columns=\"2\" data-layout=\"50-50\"><div class=\"wp-block-coblocks-row__inner has-no-padding has-no-margin is-stacked-on-mobile has-medium-gutter\">\n<div class=\"wp-block-coblocks-column coblocks-column-9818484624\" style=\"width:50%\"><div class=\"wp-block-coblocks-column__inner has-no-padding has-no-margin\">\n<figure class=\"wp-block-image size-large\"><img loading=\"lazy\" width=\"724\" height=\"1024\" src=\"https:\/\/ajl-asso.fr\/wp-content\/uploads\/sites\/2\/2024\/10\/ateliers-bien-viellir-jean-lachenaud-7-724x1024.png\" alt=\"\" class=\"wp-image-2371\" srcset=\"https:\/\/ajl-asso.fr\/wp-content\/uploads\/sites\/2\/2024\/10\/ateliers-bien-viellir-jean-lachenaud-7-724x1024.png 724w, https:\/\/ajl-asso.fr\/wp-content\/uploads\/sites\/2\/2024\/10\/ateliers-bien-viellir-jean-lachenaud-7-212x300.png 212w, https:\/\/ajl-asso.fr\/wp-content\/uploads\/sites\/2\/2024\/10\/ateliers-bien-viellir-jean-lachenaud-7-768x1086.png 768w, https:\/\/ajl-asso.fr\/wp-content\/uploads\/sites\/2\/2024\/10\/ateliers-bien-viellir-jean-lachenaud-7-1086x1536.png 1086w, https:\/\/ajl-asso.fr\/wp-content\/uploads\/sites\/2\/2024\/10\/ateliers-bien-viellir-jean-lachenaud-7-146x206.png 146w, https:\/\/ajl-asso.fr\/wp-content\/uploads\/sites\/2\/2024\/10\/ateliers-bien-viellir-jean-lachenaud-7.png 1414w\" sizes=\"(max-width: 724px) 100vw, 724px\" \/><\/figure>\n<\/div><\/div>\n\n\n\n<div class=\"wp-block-coblocks-column coblocks-column-9818484628\" style=\"width:50%\"><div class=\"wp-block-coblocks-column__inner has-no-padding has-no-margin\">\n<figure class=\"wp-block-image size-large\"><img loading=\"lazy\" width=\"724\" height=\"1024\" src=\"https:\/\/ajl-asso.fr\/wp-content\/uploads\/sites\/2\/2024\/10\/crt-1-724x1024.png\" alt=\"\" class=\"wp-image-2374\" srcset=\"https:\/\/ajl-asso.fr\/wp-content\/uploads\/sites\/2\/2024\/10\/crt-1-724x1024.png 724w, https:\/\/ajl-asso.fr\/wp-content\/uploads\/sites\/2\/2024\/10\/crt-1-212x300.png 212w, https:\/\/ajl-asso.fr\/wp-content\/uploads\/sites\/2\/2024\/10\/crt-1-768x1086.png 768w, https:\/\/ajl-asso.fr\/wp-content\/uploads\/sites\/2\/2024\/10\/crt-1-1086x1536.png 1086w, https:\/\/ajl-asso.fr\/wp-content\/uploads\/sites\/2\/2024\/10\/crt-1-1448x2048.png 1448w, https:\/\/ajl-asso.fr\/wp-content\/uploads\/sites\/2\/2024\/10\/crt-1-146x206.png 146w, https:\/\/ajl-asso.fr\/wp-content\/uploads\/sites\/2\/2024\/10\/crt-1.png 1587w\" sizes=\"(max-width: 724px) 100vw, 724px\" \/><\/figure>\n<\/div><\/div>\n<\/div><\/div>\n\n\n\n<ul><li><strong>Axe 3 : <\/strong> <strong>Am\u00e9liorer les pratiques professionnelles et le partage des bonnes pratiques<\/strong><\/li><\/ul>\n\n\n\n<p>&#8211;<em> <\/em> <em>Organisation d\u2019un colloque annuel<\/em> sur une th\u00e9matique pr\u00e9cise \u00e0 destination des professionnels de sant\u00e9 et du domicile.<\/p>\n\n\n\n<p>&#8211;  <em>Formations des professionnels <\/em>du domicile et d\u2019\u00e9tablissement par des intervenants sp\u00e9cialistes.<\/p>\n\n\n\n<p>&#8211; Participation aux <em>journ\u00e9es d\u00e9di\u00e9es au partage d\u2019exp\u00e9rience<\/em>.<\/p>\n\n\n\n<div class=\"wp-block-coblocks-row coblocks-row-9819557185\" data-columns=\"2\" data-layout=\"50-50\"><div class=\"wp-block-coblocks-row__inner has-no-padding has-no-margin is-stacked-on-mobile has-medium-gutter\">\n<div class=\"wp-block-coblocks-column coblocks-column-981960935\" style=\"width:50%\"><div class=\"wp-block-coblocks-column__inner has-no-padding has-no-margin\">\n<figure class=\"wp-block-image size-large\"><img loading=\"lazy\" width=\"1024\" height=\"683\" src=\"https:\/\/ajl-asso.fr\/wp-content\/uploads\/sites\/2\/2024\/10\/colloque-1024x683.jpg\" alt=\"\" class=\"wp-image-2377\" srcset=\"https:\/\/ajl-asso.fr\/wp-content\/uploads\/sites\/2\/2024\/10\/colloque-1024x683.jpg 1024w, https:\/\/ajl-asso.fr\/wp-content\/uploads\/sites\/2\/2024\/10\/colloque-300x200.jpg 300w, https:\/\/ajl-asso.fr\/wp-content\/uploads\/sites\/2\/2024\/10\/colloque-768x512.jpg 768w, https:\/\/ajl-asso.fr\/wp-content\/uploads\/sites\/2\/2024\/10\/colloque-1536x1024.jpg 1536w, https:\/\/ajl-asso.fr\/wp-content\/uploads\/sites\/2\/2024\/10\/colloque-309x206.jpg 309w, https:\/\/ajl-asso.fr\/wp-content\/uploads\/sites\/2\/2024\/10\/colloque.jpg 2048w\" sizes=\"(max-width: 1024px) 100vw, 1024px\" \/><\/figure>\n<\/div><\/div>\n\n\n\n<div class=\"wp-block-coblocks-column coblocks-column-981960938\" style=\"width:50%\"><div class=\"wp-block-coblocks-column__inner has-no-padding has-no-margin\">\n<figure class=\"wp-block-image size-large\"><img loading=\"lazy\" width=\"1024\" height=\"722\" src=\"https:\/\/ajl-asso.fr\/wp-content\/uploads\/sites\/2\/2024\/10\/colloque2-1024x722.jpg\" alt=\"\" class=\"wp-image-2378\" srcset=\"https:\/\/ajl-asso.fr\/wp-content\/uploads\/sites\/2\/2024\/10\/colloque2-1024x722.jpg 1024w, https:\/\/ajl-asso.fr\/wp-content\/uploads\/sites\/2\/2024\/10\/colloque2-300x211.jpg 300w, https:\/\/ajl-asso.fr\/wp-content\/uploads\/sites\/2\/2024\/10\/colloque2-768x541.jpg 768w, https:\/\/ajl-asso.fr\/wp-content\/uploads\/sites\/2\/2024\/10\/colloque2-1536x1082.jpg 1536w, https:\/\/ajl-asso.fr\/wp-content\/uploads\/sites\/2\/2024\/10\/colloque2-292x206.jpg 292w, https:\/\/ajl-asso.fr\/wp-content\/uploads\/sites\/2\/2024\/10\/colloque2.jpg 2048w\" sizes=\"(max-width: 1024px) 100vw, 1024px\" \/><\/figure>\n<\/div><\/div>\n<\/div><\/div>\n\n\n\n<p><strong>Pour nous contacter<\/strong> : <\/p>\n\n\n\n<p>04.83.09.83.55 ou 07.64.53.91.10<\/p>\n\n\n\n<p><a href=\"mailto:crt.jeanlachenaud@ajl.asso.fr\">crt.jeanlachenaud@ajl.asso.fr<\/a><\/p>\n","protected":false},"excerpt":{"rendered":"<p>Les missions du CRT se divisent en deux volets et plusieurs axes pour la sant\u00e9. Voici le premier volet et ses diff\u00e9rents axes : Axe 1 : Favoriser l\u2019acc\u00e8s au soin et \u00e0 la pr\u00e9vention &#8211; Interventions de professionnels dans les \u00e9tablissements ou au domicile pour donner un avis sp\u00e9cialis\u00e9 (douleur, nutrition, orthophonie, etc.) &#8211; [&hellip;]<\/p>\n","protected":false},"author":450,"featured_media":0,"parent":2342,"menu_order":0,"comment_status":"closed","ping_status":"closed","template":"","meta":{"_coblocks_attr":"","_coblocks_dimensions":"","_coblocks_responsive_height":"","_coblocks_accordion_ie_support":""},"_links":{"self":[{"href":"https:\/\/ajl-asso.fr\/lachenaud\/wp-json\/wp\/v2\/pages\/2345"}],"collection":[{"href":"https:\/\/ajl-asso.fr\/lachenaud\/wp-json\/wp\/v2\/pages"}],"about":[{"href":"https:\/\/ajl-asso.fr\/lachenaud\/wp-json\/wp\/v2\/types\/page"}],"author":[{"embeddable":true,"href":"https:\/\/ajl-asso.fr\/lachenaud\/wp-json\/wp\/v2\/users\/450"}],"replies":[{"embeddable":true,"href":"https:\/\/ajl-asso.fr\/lachenaud\/wp-json\/wp\/v2\/comments?post=2345"}],"version-history":[{"count":6,"href":"https:\/\/ajl-asso.fr\/lachenaud\/wp-json\/wp\/v2\/pages\/2345\/revisions"}],"predecessor-version":[{"id":2400,"href":"https:\/\/ajl-asso.fr\/lachenaud\/wp-json\/wp\/v2\/pages\/2345\/revisions\/2400"}],"up":[{"embeddable":true,"href":"https:\/\/ajl-asso.fr\/lachenaud\/wp-json\/wp\/v2\/pages\/2342"}],"wp:attachment":[{"href":"https:\/\/ajl-asso.fr\/lachenaud\/wp-json\/wp\/v2\/media?parent=2345"}],"curies":[{"name":"wp","href":"https:\/\/api.w.org\/{rel}","templated":true}]}}