{"id":1526,"date":"2025-12-05T11:06:09","date_gmt":"2025-12-05T10:06:09","guid":{"rendered":"https:\/\/ajl-asso.fr\/le-divit\/?page_id=1526"},"modified":"2026-02-17T11:59:32","modified_gmt":"2026-02-17T10:59:32","slug":"notre-histoire","status":"publish","type":"page","link":"https:\/\/ajl-asso.fr\/le-divit\/notre-histoire\/","title":{"rendered":"Notre histoire"},"content":{"rendered":"\n<p><\/p>\n\n\n<div class=\"wp-block-image\">\n<figure class=\"alignleft size-full is-resized\"><img loading=\"lazy\" src=\"https:\/\/ajl-asso.fr\/wp-content\/uploads\/sites\/3\/2025\/12\/Capture-decran-2025-12-05-110759.png\" alt=\"\" class=\"wp-image-1531\" width=\"397\" height=\"506\" srcset=\"https:\/\/ajl-asso.fr\/wp-content\/uploads\/sites\/3\/2025\/12\/Capture-decran-2025-12-05-110759.png 431w, https:\/\/ajl-asso.fr\/wp-content\/uploads\/sites\/3\/2025\/12\/Capture-decran-2025-12-05-110759-235x300.png 235w, https:\/\/ajl-asso.fr\/wp-content\/uploads\/sites\/3\/2025\/12\/Capture-decran-2025-12-05-110759-161x206.png 161w\" sizes=\"(max-width: 397px) 100vw, 397px\" \/><\/figure><\/div>\n\n\n<p><\/p>\n\n\n\n<p><\/p>\n\n\n\n<p><strong>L\u2019Etablissement de Sant\u00e9 \u00ab&nbsp;Le Divit&nbsp;<\/strong>\u00bb de Ploemeur a \u00e9t\u00e9 cr\u00e9\u00e9 par la Caisse Nationale Militaire de S\u00e9curit\u00e9 Sociale, propri\u00e9taire, qui en a confi\u00e9 la gestion \u00e0 l\u2019Association Jean lachenaud.<\/p>\n\n\n\n<p>C\u2019est un \u00e9tablissement sanitaire et m\u00e9dico-social de statut priv\u00e9 \u00e0 but non lucratif qui dispose \u00e0 son ouverture, en 1977, d\u2019une unit\u00e9 de 80 lits de Soins de Suite et de R\u00e9adaptation.<\/p>\n\n\n\n<p><strong>D\u00e9but 2000<\/strong>, une unit\u00e9 de 40 places de Soins de Longue Dur\u00e9e a \u00e9t\u00e9 inaugur\u00e9e.<\/p>\n\n\n\n<p><strong>Depuis 2010<\/strong>, cette unit\u00e9 s&rsquo;est transform\u00e9e en EHPAD de 42 lits.<\/p>\n\n\n\n<p><strong>En 2022,<\/strong> une unit\u00e9 de soins palliatifs (USP) de 10 lits avec une vocation territoriale a \u00e9t\u00e9 inaugur\u00e9e au sein de l&rsquo;\u00e9tablissement. Le service de soins de suite et de r\u00e9adaptation passe \u00e0 70 lits.<\/p>\n\n\n\n<p><strong>En 2023,<\/strong> l&rsquo;\u00e9tablissement accueil l&rsquo;\u00e9quipe mobile d&rsquo;accompagnement de soins palliatifs (EMASP) qui a aussi une vocation territoriale.<\/p>\n\n\n\n<p><strong>En 2024<\/strong>, le service de soins de suite et de r\u00e9adaptation devient service m\u00e9dical de r\u00e9adaptation (SMR). <\/p>\n\n\n\n<p>Le service passe \u00e0 76 lits en d\u00e9cembre 2024. <\/p>\n\n\n\n<p><strong>D\u00e9but 2025<\/strong>, l&rsquo;\u00e9tablissement obtient le label \u00ab\u00a0H\u00f4pital de proximit\u00e9\u00a0\u00bb.<\/p>\n","protected":false},"excerpt":{"rendered":"<p>L\u2019Etablissement de Sant\u00e9 \u00ab&nbsp;Le Divit&nbsp;\u00bb de Ploemeur a \u00e9t\u00e9 cr\u00e9\u00e9 par la Caisse Nationale Militaire de S\u00e9curit\u00e9 Sociale, propri\u00e9taire, qui en a confi\u00e9 la gestion \u00e0 l\u2019Association Jean lachenaud. C\u2019est un \u00e9tablissement sanitaire et m\u00e9dico-social de statut priv\u00e9 \u00e0 but non lucratif qui dispose \u00e0 son ouverture, en 1977, d\u2019une unit\u00e9 de 80 lits de [&hellip;]<\/p>\n","protected":false},"author":15,"featured_media":0,"parent":0,"menu_order":0,"comment_status":"closed","ping_status":"closed","template":"","meta":{"_coblocks_attr":"","_coblocks_dimensions":"","_coblocks_responsive_height":"","_coblocks_accordion_ie_support":""},"_links":{"self":[{"href":"https:\/\/ajl-asso.fr\/le-divit\/wp-json\/wp\/v2\/pages\/1526"}],"collection":[{"href":"https:\/\/ajl-asso.fr\/le-divit\/wp-json\/wp\/v2\/pages"}],"about":[{"href":"https:\/\/ajl-asso.fr\/le-divit\/wp-json\/wp\/v2\/types\/page"}],"author":[{"embeddable":true,"href":"https:\/\/ajl-asso.fr\/le-divit\/wp-json\/wp\/v2\/users\/15"}],"replies":[{"embeddable":true,"href":"https:\/\/ajl-asso.fr\/le-divit\/wp-json\/wp\/v2\/comments?post=1526"}],"version-history":[{"count":12,"href":"https:\/\/ajl-asso.fr\/le-divit\/wp-json\/wp\/v2\/pages\/1526\/revisions"}],"predecessor-version":[{"id":2181,"href":"https:\/\/ajl-asso.fr\/le-divit\/wp-json\/wp\/v2\/pages\/1526\/revisions\/2181"}],"wp:attachment":[{"href":"https:\/\/ajl-asso.fr\/le-divit\/wp-json\/wp\/v2\/media?parent=1526"}],"curies":[{"name":"wp","href":"https:\/\/api.w.org\/{rel}","templated":true}]}}