{"id":80,"date":"2017-10-17T15:24:17","date_gmt":"2017-10-17T13:24:17","guid":{"rendered":"https:\/\/ajl-asso.fr\/le-divit\/?page_id=80"},"modified":"2026-02-18T10:53:47","modified_gmt":"2026-02-18T09:53:47","slug":"votre-sejour","status":"publish","type":"page","link":"https:\/\/ajl-asso.fr\/le-divit\/ehpad\/vie-quotidienne\/votre-sejour\/","title":{"rendered":"Votre s\u00e9jour"},"content":{"rendered":"\n<p class=\"has-text-align-center\"><\/p>\n\n\n\n<p class=\"has-text-align-center\"><\/p>\n\n\n\n<div class=\"wp-container-6 wp-block-columns\">\n<div class=\"wp-container-1 wp-block-column\" style=\"flex-basis:33.33%\">\n<p><\/p>\n\n\n\n<p><\/p>\n\n\n\n<p class=\"has-text-align-left\">Vous s\u00e9journerez dans une chambre meubl\u00e9e et m\u00e9dicalis\u00e9e adapt\u00e9e \u00e0 votre prise en charge, \u00e9quip\u00e9e d\u2019un placard dans lequel vous pouvez ranger vos affaires personnelles.<\/p>\n\n\n\n<p>Il est toutefois fortement recommand\u00e9 de ne pas conserver d\u2019argent, de ch\u00e8que, de carte bancaire ou d\u2019objets de valeurs dans votre chambre. <\/p>\n\n\n\n<p>L\u2019\u00e9tablissement d\u00e9cline toute responsabilit\u00e9 en cas de perte ou de vol. Vous avez la possibilit\u00e9 de d\u00e9poser vos valeurs dans un coffre et de les retirer quand vous le d\u00e9sirez. Pour votre s\u00e9curit\u00e9, un syst\u00e8me d\u2019appel vous permet de solliciter le personnel et de communiquer avec lui.<\/p>\n<\/div>\n\n\n\n<div class=\"wp-container-5 wp-block-column\" style=\"flex-basis:66.66%\">\n<p><img loading=\"lazy\" width=\"2560\" height=\"1920\" class=\"wp-image-899\" style=\"width: 500px\" src=\"https:\/\/ajl-asso.fr\/wp-content\/uploads\/sites\/3\/2024\/01\/EHPAD-Chambre-scaled.jpg\" alt=\"\" srcset=\"https:\/\/ajl-asso.fr\/wp-content\/uploads\/sites\/3\/2024\/01\/EHPAD-Chambre-scaled.jpg 2560w, https:\/\/ajl-asso.fr\/wp-content\/uploads\/sites\/3\/2024\/01\/EHPAD-Chambre-300x225.jpg 300w, https:\/\/ajl-asso.fr\/wp-content\/uploads\/sites\/3\/2024\/01\/EHPAD-Chambre-1024x768.jpg 1024w, https:\/\/ajl-asso.fr\/wp-content\/uploads\/sites\/3\/2024\/01\/EHPAD-Chambre-768x576.jpg 768w, https:\/\/ajl-asso.fr\/wp-content\/uploads\/sites\/3\/2024\/01\/EHPAD-Chambre-1536x1152.jpg 1536w, https:\/\/ajl-asso.fr\/wp-content\/uploads\/sites\/3\/2024\/01\/EHPAD-Chambre-2048x1536.jpg 2048w, https:\/\/ajl-asso.fr\/wp-content\/uploads\/sites\/3\/2024\/01\/EHPAD-Chambre-275x206.jpg 275w\" sizes=\"(max-width: 2560px) 100vw, 2560px\" \/><\/p>\n\n\n\n<div class=\"wp-container-4 wp-block-columns\">\n<div class=\"wp-container-2 wp-block-column\">\n<p><img loading=\"lazy\" width=\"1920\" height=\"2560\" class=\"wp-image-901\" style=\"width: 450px\" src=\"https:\/\/ajl-asso.fr\/wp-content\/uploads\/sites\/3\/2024\/01\/EHPAD-Salle-de-bain-scaled.jpg\" alt=\"\" srcset=\"https:\/\/ajl-asso.fr\/wp-content\/uploads\/sites\/3\/2024\/01\/EHPAD-Salle-de-bain-scaled.jpg 1920w, https:\/\/ajl-asso.fr\/wp-content\/uploads\/sites\/3\/2024\/01\/EHPAD-Salle-de-bain-225x300.jpg 225w, https:\/\/ajl-asso.fr\/wp-content\/uploads\/sites\/3\/2024\/01\/EHPAD-Salle-de-bain-768x1024.jpg 768w, https:\/\/ajl-asso.fr\/wp-content\/uploads\/sites\/3\/2024\/01\/EHPAD-Salle-de-bain-1152x1536.jpg 1152w, https:\/\/ajl-asso.fr\/wp-content\/uploads\/sites\/3\/2024\/01\/EHPAD-Salle-de-bain-1536x2048.jpg 1536w, https:\/\/ajl-asso.fr\/wp-content\/uploads\/sites\/3\/2024\/01\/EHPAD-Salle-de-bain-155x206.jpg 155w\" sizes=\"(max-width: 1920px) 100vw, 1920px\" \/><\/p>\n<\/div>\n\n\n\n<div class=\"wp-container-3 wp-block-column\"><\/div>\n<\/div>\n<\/div>\n<\/div>\n\n\n\n<p>Il est toutefois fortement recommand\u00e9 de ne pas conserver d\u2019argent, de ch\u00e8que, de carte bancaire ou d\u2019objets de valeurs dans votre chambre. <\/p>\n\n\n\n<p>L\u2019\u00e9tablissement d\u00e9cline toute responsabilit\u00e9 en cas de perte ou de vol. Vous avez la possibilit\u00e9 de d\u00e9poser vos valeurs dans un coffre et de les retirer quand vous le d\u00e9sirez. Pour votre s\u00e9curit\u00e9, un syst\u00e8me d\u2019appel vous permet de solliciter le personnel et de communiquer avec lui.<\/p>\n\n\n<div class=\"wp-bootstrap-blocks-row row\">\n\t<\/div>\n\n\n\n<p class=\"has-text-align-center\"><\/p>\n","protected":false},"excerpt":{"rendered":"<p>Vous s\u00e9journerez dans une chambre meubl\u00e9e et m\u00e9dicalis\u00e9e adapt\u00e9e \u00e0 votre prise en charge, \u00e9quip\u00e9e d\u2019un placard dans lequel vous pouvez ranger vos affaires personnelles. Il est toutefois fortement recommand\u00e9 de ne pas conserver d\u2019argent, de ch\u00e8que, de carte bancaire ou d\u2019objets de valeurs dans votre chambre. L\u2019\u00e9tablissement d\u00e9cline toute responsabilit\u00e9 en cas de perte [&hellip;]<\/p>\n","protected":false},"author":1,"featured_media":0,"parent":70,"menu_order":0,"comment_status":"closed","ping_status":"closed","template":"pages-templates\/pages-boxes.php","meta":{"_coblocks_attr":"","_coblocks_dimensions":"","_coblocks_responsive_height":"","_coblocks_accordion_ie_support":""},"_links":{"self":[{"href":"https:\/\/ajl-asso.fr\/le-divit\/wp-json\/wp\/v2\/pages\/80"}],"collection":[{"href":"https:\/\/ajl-asso.fr\/le-divit\/wp-json\/wp\/v2\/pages"}],"about":[{"href":"https:\/\/ajl-asso.fr\/le-divit\/wp-json\/wp\/v2\/types\/page"}],"author":[{"embeddable":true,"href":"https:\/\/ajl-asso.fr\/le-divit\/wp-json\/wp\/v2\/users\/1"}],"replies":[{"embeddable":true,"href":"https:\/\/ajl-asso.fr\/le-divit\/wp-json\/wp\/v2\/comments?post=80"}],"version-history":[{"count":11,"href":"https:\/\/ajl-asso.fr\/le-divit\/wp-json\/wp\/v2\/pages\/80\/revisions"}],"predecessor-version":[{"id":2261,"href":"https:\/\/ajl-asso.fr\/le-divit\/wp-json\/wp\/v2\/pages\/80\/revisions\/2261"}],"up":[{"embeddable":true,"href":"https:\/\/ajl-asso.fr\/le-divit\/wp-json\/wp\/v2\/pages\/70"}],"wp:attachment":[{"href":"https:\/\/ajl-asso.fr\/le-divit\/wp-json\/wp\/v2\/media?parent=80"}],"curies":[{"name":"wp","href":"https:\/\/api.w.org\/{rel}","templated":true}]}}