{"id":19,"date":"2020-10-01T10:42:37","date_gmt":"2020-10-01T08:42:37","guid":{"rendered":"https:\/\/ajl.agence-lafab.fr\/marechal-leclerc\/?page_id=19"},"modified":"2021-01-06T15:00:37","modified_gmt":"2021-01-06T14:00:37","slug":"prestations","status":"publish","type":"page","link":"https:\/\/ajl-asso.fr\/marechal-leclerc\/prestations\/","title":{"rendered":"Prestations"},"content":{"rendered":"<p class=\"p1\"><span class=\"s1\">Diff\u00e9rents services sont propos\u00e9s aux r\u00e9sidentes afin de r\u00e9pondre aux besoins du quotidien. <\/span><\/p>\n<ul>\n<li class=\"p1\">S\u00e9curit\u00e9 assur\u00e9e 7j\/7 et 24h\/24 par la pr\u00e9sence du personnel ou d\u2019un gardien d\u2019astreinte log\u00e9 sur place<\/li>\n<li class=\"p1\">R\u00e9parations courantes assur\u00e9es quotidiennement par un homme de service.<\/li>\n<li class=\"p1\">La lingerie comprenant une machine \u00e0 laver, un s\u00e8che-linge et des \u00e9tendoirs. Les machines fonctionnent avec un syst\u00e8me de jetons que chaque r\u00e9sidente peut se procurer au bureau du secr\u00e9tariat.<\/li>\n<li class=\"p1\">Heures de m\u00e9nages suppl\u00e9mentaires possibles.<\/li>\n<li class=\"p1\">Deux studios et trois chambres d\u2019h\u00f4tes peuvent \u00eatre lou\u00e9s par les familles et proches de nos r\u00e9sidentes, ceci afin de contribuer au maintien du lien interg\u00e9n\u00e9rationnel.<\/li>\n<\/ul>\n<p class=\"p1\"><strong><span class=\"s1\">Une \u00e9quipe \u00e0 votre service se composant\u00a0:<\/span><\/strong><\/p>\n<ul class=\"ul1\">\n<li class=\"li2\"><span class=\"s1\">deux aide-m\u00e9nag\u00e8res<\/span><\/li>\n<li class=\"li2\"><span class=\"s1\">une employ\u00e9e de restauration<\/span><\/li>\n<li class=\"li2\"><span class=\"s1\">une cuisini\u00e8re <\/span><\/li>\n<li class=\"li2\"><span class=\"s1\">un agent de maintenance<\/span><\/li>\n<li class=\"li2\"><span class=\"s1\">une secr\u00e9taire de direction<\/span><\/li>\n<li class=\"li2\"><span class=\"s1\">Une directrice adjointe\u00a0<\/span><\/li>\n<\/ul>\n","protected":false},"excerpt":{"rendered":"<p>Diff\u00e9rents services sont propos\u00e9s aux r\u00e9sidentes afin de r\u00e9pondre aux besoins du quotidien. S\u00e9curit\u00e9 assur\u00e9e 7j\/7 et 24h\/24 par la pr\u00e9sence du personnel ou d\u2019un gardien d\u2019astreinte log\u00e9 sur place R\u00e9parations courantes assur\u00e9es quotidiennement par un homme de service. La lingerie comprenant une machine \u00e0 laver, un s\u00e8che-linge et des \u00e9tendoirs. Les machines fonctionnent avec [&hellip;]<\/p>\n","protected":false},"author":7,"featured_media":0,"parent":0,"menu_order":0,"comment_status":"closed","ping_status":"closed","template":"","meta":{"_coblocks_attr":"","_coblocks_dimensions":"","_coblocks_responsive_height":"","_coblocks_accordion_ie_support":""},"_links":{"self":[{"href":"https:\/\/ajl-asso.fr\/marechal-leclerc\/wp-json\/wp\/v2\/pages\/19"}],"collection":[{"href":"https:\/\/ajl-asso.fr\/marechal-leclerc\/wp-json\/wp\/v2\/pages"}],"about":[{"href":"https:\/\/ajl-asso.fr\/marechal-leclerc\/wp-json\/wp\/v2\/types\/page"}],"author":[{"embeddable":true,"href":"https:\/\/ajl-asso.fr\/marechal-leclerc\/wp-json\/wp\/v2\/users\/7"}],"replies":[{"embeddable":true,"href":"https:\/\/ajl-asso.fr\/marechal-leclerc\/wp-json\/wp\/v2\/comments?post=19"}],"version-history":[{"count":5,"href":"https:\/\/ajl-asso.fr\/marechal-leclerc\/wp-json\/wp\/v2\/pages\/19\/revisions"}],"predecessor-version":[{"id":140,"href":"https:\/\/ajl-asso.fr\/marechal-leclerc\/wp-json\/wp\/v2\/pages\/19\/revisions\/140"}],"wp:attachment":[{"href":"https:\/\/ajl-asso.fr\/marechal-leclerc\/wp-json\/wp\/v2\/media?parent=19"}],"curies":[{"name":"wp","href":"https:\/\/api.w.org\/{rel}","templated":true}]}}